Last updated on 2025-04-29 12:52:52 CEST.
Flavor | Version | Tinstall | Tcheck | Ttotal | Status | Flags |
---|---|---|---|---|---|---|
r-devel-linux-x86_64-debian-clang | 1.3 | 3.57 | 22.84 | 26.41 | NOTE | |
r-devel-linux-x86_64-debian-gcc | 1.3 | 2.84 | 18.80 | 21.64 | NOTE | |
r-devel-linux-x86_64-fedora-clang | 1.3 | 41.36 | OK | |||
r-devel-linux-x86_64-fedora-gcc | 1.3 | 54.15 | OK | |||
r-devel-windows-x86_64 | 1.3 | 6.00 | 60.00 | 66.00 | OK | |
r-patched-linux-x86_64 | 1.3 | 3.33 | 22.10 | 25.43 | OK | |
r-release-linux-x86_64 | 1.3 | 3.19 | 22.15 | 25.34 | OK | |
r-release-macos-arm64 | 1.3 | 26.00 | OK | |||
r-release-macos-x86_64 | 1.3 | 43.00 | OK | |||
r-release-windows-x86_64 | 1.3 | 6.00 | 58.00 | 64.00 | OK | |
r-oldrel-macos-arm64 | 1.3 | 24.00 | OK | |||
r-oldrel-macos-x86_64 | 1.3 | 34.00 | OK | |||
r-oldrel-windows-x86_64 | 1.3 | 6.00 | 53.00 | 59.00 | OK |
Version: 1.3
Check: CRAN incoming feasibility
Result: NOTE
Maintainer: ‘Jing Hua Zhao <jinghuazhao@hotmail.com>’
No Authors@R field in DESCRIPTION.
Please add one, modifying
Authors@R: c(person(given = "David",
family = "Clayton",
role = "aut"),
person(given = c("Jing", "Hua"),
family = "Zhao",
role = "cre",
email = "jinghuazhao@hotmail.com"))
as necessary.
Flavors: r-devel-linux-x86_64-debian-clang, r-devel-linux-x86_64-debian-gcc