Last updated on 2022-07-04 12:54:23 CEST.
Flavor | Version | Tinstall | Tcheck | Ttotal | Status | Flags |
---|---|---|---|---|---|---|
r-devel-linux-x86_64-debian-clang | 1.0 | 8.14 | 66.22 | 74.36 | OK | |
r-devel-linux-x86_64-debian-gcc | 1.0 | 6.78 | 51.24 | 58.02 | OK | |
r-devel-linux-x86_64-fedora-clang | 1.0 | 99.18 | NOTE | |||
r-devel-linux-x86_64-fedora-gcc | 1.0 | 97.74 | OK | |||
r-devel-windows-x86_64 | 1.0 | 11.00 | 93.00 | 104.00 | OK | |
r-patched-linux-x86_64 | 1.0 | 7.20 | 64.21 | 71.41 | OK | |
r-release-linux-x86_64 | 1.0 | 6.65 | 63.88 | 70.53 | OK | |
r-release-macos-arm64 | 1.0 | 31.00 | OK | |||
r-release-macos-x86_64 | 1.0 | 45.00 | OK | |||
r-release-windows-x86_64 | 1.0 | 14.00 | 91.00 | 105.00 | OK | |
r-oldrel-macos-arm64 | 1.0 | 38.00 | OK | |||
r-oldrel-macos-x86_64 | 1.0 | 56.00 | OK | |||
r-oldrel-windows-ix86+x86_64 | 1.0 | 17.00 | 83.00 | 100.00 | OK |
Version: 1.0
Check: Rd cross-references
Result: NOTE
Undeclared package ‘survivalROC’ in Rd xrefs
Flavor: r-devel-linux-x86_64-fedora-clang