Last updated on 2025-11-15 11:51:00 CET.
| Flavor | Version | Tinstall | Tcheck | Ttotal | Status | Flags |
|---|---|---|---|---|---|---|
| r-devel-linux-x86_64-debian-clang | 1.6.1 | 5.49 | 47.19 | 52.68 | OK | |
| r-devel-linux-x86_64-debian-gcc | 1.6.1 | 4.70 | 44.34 | 49.04 | OK | |
| r-devel-linux-x86_64-fedora-clang | 1.6.1 | 13.00 | 68.07 | 81.07 | OK | |
| r-devel-linux-x86_64-fedora-gcc | 1.6.1 | 16.00 | 76.20 | 92.20 | OK | |
| r-devel-windows-x86_64 | 1.6.1 | 14.00 | 67.00 | 81.00 | OK | |
| r-patched-linux-x86_64 | 1.6.1 | 5.11 | 40.33 | 45.44 | OK | |
| r-release-linux-x86_64 | 1.6.1 | 4.69 | 40.47 | 45.16 | OK | |
| r-release-macos-arm64 | 1.6.1 | 5.00 | 103.00 | 108.00 | OK | |
| r-release-macos-x86_64 | 1.6.1 | 7.00 | 163.00 | 170.00 | OK | |
| r-release-windows-x86_64 | 1.6.1 | 11.00 | 63.00 | 74.00 | OK | |
| r-oldrel-macos-arm64 | 1.6.1 | 5.00 | 80.00 | 85.00 | NOTE | |
| r-oldrel-macos-x86_64 | 1.6.1 | 6.00 | 114.00 | 120.00 | NOTE | |
| r-oldrel-windows-x86_64 | 1.6.1 | 12.00 | 70.00 | 82.00 | NOTE |
Version: 1.6.1
Check: installed package size
Result: NOTE
installed size is 6.4Mb
sub-directories of 1Mb or more:
tklibs 6.0Mb
Flavors: r-oldrel-macos-arm64, r-oldrel-macos-x86_64, r-oldrel-windows-x86_64