CRAN Package Check Results for Package tcl

Last updated on 2022-06-30 11:53:21 CEST.

Flavor Version Tinstall Tcheck Ttotal Status Flags
r-devel-linux-x86_64-debian-clang 0.1.1 10.56 78.14 88.70 OK
r-devel-linux-x86_64-debian-gcc 0.1.1 7.87 59.42 67.29 OK
r-devel-linux-x86_64-fedora-clang 0.1.1 114.79 NOTE
r-devel-linux-x86_64-fedora-gcc 0.1.1 118.96 NOTE
r-devel-windows-x86_64 0.1.1 20.00 101.00 121.00 OK
r-patched-linux-x86_64 0.1.1 9.28 75.26 84.54 OK
r-release-linux-x86_64 0.1.1 8.94 76.81 85.75 OK
r-release-macos-arm64 0.1.1 36.00 NOTE
r-release-macos-x86_64 0.1.1 49.00 NOTE
r-release-windows-x86_64 0.1.1 19.00 101.00 120.00 OK
r-oldrel-macos-arm64 0.1.1 44.00 NOTE
r-oldrel-macos-x86_64 0.1.1 65.00 NOTE
r-oldrel-windows-ix86+x86_64 0.1.1 20.00 96.00 116.00 OK

Check Details

Version: 0.1.1
Check: dependencies in R code
Result: NOTE
    Namespaces in Imports field not imported from:
     ‘colorspace’ ‘psych’
     All declared Imports should be used.
Flavors: r-devel-linux-x86_64-fedora-clang, r-devel-linux-x86_64-fedora-gcc, r-release-macos-arm64, r-release-macos-x86_64, r-oldrel-macos-arm64, r-oldrel-macos-x86_64