Last updated on 2024-04-19 11:57:03 CEST.
Flavor | Version | Tinstall | Tcheck | Ttotal | Status | Flags |
---|---|---|---|---|---|---|
r-devel-linux-x86_64-debian-clang | 0.2.0 | 8.85 | 86.95 | 95.80 | OK | |
r-devel-linux-x86_64-debian-gcc | 0.2.0 | OK | ||||
r-devel-linux-x86_64-fedora-clang | 0.2.0 | 126.81 | OK | |||
r-devel-linux-x86_64-fedora-gcc | 0.2.0 | 128.17 | OK | |||
r-prerel-macos-arm64 | 0.2.0 | 44.00 | OK | |||
r-prerel-windows-x86_64 | 0.2.0 | 10.00 | 88.00 | 98.00 | OK | |
r-patched-linux-x86_64 | 0.2.0 | 7.79 | 83.50 | 91.29 | OK | |
r-release-linux-x86_64 | 0.2.0 | 6.97 | 84.57 | 91.54 | OK | |
r-release-macos-arm64 | 0.2.0 | 45.00 | OK | |||
r-release-macos-x86_64 | 0.2.0 | 91.00 | OK | |||
r-release-windows-x86_64 | 0.2.0 | 12.00 | 98.00 | 110.00 | OK | |
r-oldrel-macos-arm64 | 0.2.0 | 43.00 | ERROR | |||
r-oldrel-windows-x86_64 | 0.2.0 | 12.00 | 97.00 | 109.00 | OK |
Version: 0.2.0
Check: PDF version of manual
Result: WARN
LaTeX errors when creating PDF version.
This typically indicates Rd problems.
LaTeX errors found:
! Undefined control sequence.
<argument> \text
{logit} \big ( E(Y) \big ) = \tau + \alpha + \delta (r - 1),
l.172 ...g ) = \tau + \alpha + \delta (r - 1), }{}
Flavor: r-oldrel-macos-arm64
Version: 0.2.0
Check: PDF version of manual without index
Result: ERROR
Flavor: r-oldrel-macos-arm64