CRAN Package Check Results for Package taxizedb

Last updated on 2023-02-02 11:54:18 CET.

Flavor Version Tinstall Tcheck Ttotal Status Flags
r-devel-linux-x86_64-debian-clang 0.3.0 9.38 73.91 83.29 NOTE
r-devel-linux-x86_64-debian-gcc 0.3.0 6.82 54.45 61.27 NOTE
r-devel-linux-x86_64-fedora-clang 0.3.0 103.73 NOTE
r-devel-linux-x86_64-fedora-gcc 0.3.0 101.36 NOTE
r-patched-linux-x86_64 0.3.0 7.85 71.83 79.68 NOTE
r-release-linux-x86_64 0.3.0 7.01 72.23 79.24 NOTE
r-release-macos-arm64 0.3.0 30.00 NOTE
r-release-macos-x86_64 0.3.0 61.00 NOTE
r-release-windows-x86_64 0.3.0 36.00 107.00 143.00 NOTE
r-oldrel-macos-arm64 0.3.0 31.00 NOTE
r-oldrel-macos-x86_64 0.3.0 58.00 NOTE
r-oldrel-windows-ix86+x86_64 0.3.0 21.00 94.00 115.00 NOTE

Check Details

Version: 0.3.0
Check: LazyData
Result: NOTE
     'LazyData' is specified without a 'data' directory
Flavors: r-devel-linux-x86_64-debian-clang, r-devel-linux-x86_64-debian-gcc, r-devel-linux-x86_64-fedora-clang, r-devel-linux-x86_64-fedora-gcc, r-patched-linux-x86_64, r-release-linux-x86_64, r-release-macos-arm64, r-release-macos-x86_64, r-release-windows-x86_64, r-oldrel-macos-arm64, r-oldrel-macos-x86_64, r-oldrel-windows-ix86+x86_64