CRAN Package Check Results for Package taxizedb

Last updated on 2022-06-28 12:52:39 CEST.

Flavor Version Tinstall Tcheck Ttotal Status Flags
r-devel-linux-x86_64-debian-clang 0.3.0 9.34 75.78 85.12 NOTE
r-devel-linux-x86_64-debian-gcc 0.3.0 8.09 56.83 64.92 NOTE
r-devel-linux-x86_64-fedora-clang 0.3.0 113.53 NOTE
r-devel-linux-x86_64-fedora-gcc 0.3.0 115.32 NOTE
r-devel-windows-x86_64 0.3.0 35.00 96.00 131.00 NOTE
r-patched-linux-x86_64 0.3.0 9.34 70.60 79.94 NOTE
r-release-linux-x86_64 0.3.0 6.30 71.79 78.09 NOTE
r-release-macos-arm64 0.3.0 30.00 NOTE
r-release-macos-x86_64 0.3.0 61.00 NOTE
r-release-windows-x86_64 0.3.0 35.00 97.00 132.00 NOTE
r-oldrel-macos-arm64 0.3.0 31.00 NOTE
r-oldrel-macos-x86_64 0.3.0 58.00 NOTE
r-oldrel-windows-ix86+x86_64 0.3.0 20.00 93.00 113.00 NOTE

Check Details

Version: 0.3.0
Check: LazyData
Result: NOTE
     'LazyData' is specified without a 'data' directory
Flavors: r-devel-linux-x86_64-debian-clang, r-devel-linux-x86_64-debian-gcc, r-devel-linux-x86_64-fedora-clang, r-devel-linux-x86_64-fedora-gcc, r-devel-windows-x86_64, r-patched-linux-x86_64, r-release-linux-x86_64, r-release-macos-arm64, r-release-macos-x86_64, r-release-windows-x86_64, r-oldrel-macos-arm64, r-oldrel-macos-x86_64, r-oldrel-windows-ix86+x86_64