Last updated on 2025-04-29 12:52:52 CEST.
Flavor | Version | Tinstall | Tcheck | Ttotal | Status | Flags |
---|---|---|---|---|---|---|
r-devel-linux-x86_64-debian-clang | 1.0 | 2.28 | 29.59 | 31.87 | NOTE | |
r-devel-linux-x86_64-debian-gcc | 1.0 | 1.74 | 20.63 | 22.37 | NOTE | |
r-devel-linux-x86_64-fedora-clang | 1.0 | 49.81 | OK | |||
r-devel-linux-x86_64-fedora-gcc | 1.0 | 47.39 | OK | |||
r-devel-windows-x86_64 | 1.0 | 2.00 | 55.00 | 57.00 | OK | |
r-patched-linux-x86_64 | 1.0 | 2.18 | 28.13 | 30.31 | OK | |
r-release-linux-x86_64 | 1.0 | 1.95 | 28.36 | 30.31 | OK | |
r-release-macos-arm64 | 1.0 | 19.00 | OK | |||
r-release-macos-x86_64 | 1.0 | 34.00 | OK | |||
r-release-windows-x86_64 | 1.0 | 4.00 | 53.00 | 57.00 | OK | |
r-oldrel-macos-arm64 | 1.0 | 18.00 | OK | |||
r-oldrel-macos-x86_64 | 1.0 | 30.00 | OK | |||
r-oldrel-windows-x86_64 | 1.0 | 3.00 | 47.00 | 50.00 | OK |
Version: 1.0
Check: CRAN incoming feasibility
Result: NOTE
Maintainer: ‘Yuan-De Tan <tanyuande@gmail.com>’
No Authors@R field in DESCRIPTION.
Please add one, modifying
Authors@R: person(given = "Yuan-De",
family = "Tan",
role = c("aut", "cre"),
email = "tanyuande@gmail.com")
as necessary.
Flavors: r-devel-linux-x86_64-debian-clang, r-devel-linux-x86_64-debian-gcc