CRAN Package Check Results for Package tatest

Last updated on 2025-10-10 11:51:20 CEST.

Flavor Version Tinstall Tcheck Ttotal Status Flags
r-devel-linux-x86_64-debian-clang 1.0 2.25 31.61 33.86 NOTE
r-devel-linux-x86_64-debian-gcc 1.0 1.64 22.72 24.36 NOTE
r-devel-linux-x86_64-fedora-clang 1.0 52.32 OK
r-devel-linux-x86_64-fedora-gcc 1.0 44.99 OK
r-devel-windows-x86_64 1.0 5.00 50.00 55.00 OK
r-patched-linux-x86_64 1.0 1.92 29.09 31.01 OK
r-release-linux-x86_64 1.0 2.15 29.90 32.05 OK
r-release-macos-arm64 1.0 19.00 OK
r-release-macos-x86_64 1.0 34.00 OK
r-release-windows-x86_64 1.0 4.00 53.00 57.00 OK
r-oldrel-macos-arm64 1.0 18.00 OK
r-oldrel-macos-x86_64 1.0 30.00 OK
r-oldrel-windows-x86_64 1.0 3.00 47.00 50.00 OK

Check Details

Version: 1.0
Check: CRAN incoming feasibility
Result: NOTE Maintainer: ‘Yuan-De Tan <tanyuande@gmail.com>’ No Authors@R field in DESCRIPTION. Please add one, modifying Authors@R: person(given = "Yuan-De", family = "Tan", role = c("aut", "cre"), email = "tanyuande@gmail.com") as necessary. Flavors: r-devel-linux-x86_64-debian-clang, r-devel-linux-x86_64-debian-gcc