Last updated on 2024-08-16 12:49:22 CEST.
Flavor | Version | Tinstall | Tcheck | Ttotal | Status | Flags |
---|---|---|---|---|---|---|
r-devel-linux-x86_64-debian-clang | 0.1.0 | 45.41 | 26.72 | 72.13 | NOTE | |
r-devel-linux-x86_64-debian-gcc | 0.1.0 | 36.31 | 20.12 | 56.43 | NOTE | |
r-devel-linux-x86_64-fedora-clang | 0.1.0 | 137.21 | NOTE | |||
r-devel-linux-x86_64-fedora-gcc | 0.1.0 | 154.05 | NOTE | |||
r-devel-windows-x86_64 | 0.1.0 | 65.00 | 62.00 | 127.00 | NOTE | |
r-patched-linux-x86_64 | 0.1.0 | 48.49 | 25.42 | 73.91 | NOTE | |
r-release-linux-x86_64 | 0.1.0 | 48.27 | 25.53 | 73.80 | NOTE | |
r-release-macos-arm64 | 0.1.0 | 35.00 | NOTE | |||
r-release-macos-x86_64 | 0.1.0 | 42.00 | NOTE | |||
r-release-windows-x86_64 | 0.1.0 | 64.00 | 65.00 | 129.00 | NOTE | |
r-oldrel-macos-arm64 | 0.1.0 | 42.00 | NOTE | |||
r-oldrel-macos-x86_64 | 0.1.0 | 68.00 | NOTE | |||
r-oldrel-windows-x86_64 | 0.1.0 | 61.00 | 73.00 | 134.00 | NOTE |
Version: 0.1.0
Check: C++ specification
Result: NOTE
Specified C++11: please drop specification unless essential
Flavors: r-devel-linux-x86_64-debian-clang, r-devel-linux-x86_64-debian-gcc, r-devel-linux-x86_64-fedora-clang, r-devel-linux-x86_64-fedora-gcc, r-devel-windows-x86_64, r-patched-linux-x86_64, r-release-linux-x86_64, r-release-macos-arm64, r-release-macos-x86_64, r-release-windows-x86_64, r-oldrel-macos-arm64, r-oldrel-macos-x86_64, r-oldrel-windows-x86_64
Version: 0.1.0
Check: installed package size
Result: NOTE
installed size is 5.1Mb
sub-directories of 1Mb or more:
libs 4.9Mb
Flavors: r-release-macos-arm64, r-oldrel-macos-arm64