Last updated on 2024-03-28 09:51:59 CET.
Flavor | Version | Tinstall | Tcheck | Ttotal | Status | Flags |
---|---|---|---|---|---|---|
r-devel-linux-x86_64-debian-clang | 0.2.1 | 1.73 | 24.07 | 25.80 | NOTE | |
r-devel-linux-x86_64-debian-gcc | 0.2.1 | 1.63 | 18.87 | 20.50 | NOTE | |
r-devel-linux-x86_64-fedora-clang | 0.2.1 | 32.41 | NOTE | |||
r-devel-linux-x86_64-fedora-gcc | 0.2.1 | 31.70 | NOTE | |||
r-devel-windows-x86_64 | 0.2.1 | 3.00 | 41.00 | 44.00 | NOTE | |
r-patched-linux-x86_64 | 0.2.1 | 2.14 | 24.15 | 26.29 | NOTE | |
r-release-linux-x86_64 | 0.2.1 | 1.91 | 23.29 | 25.20 | NOTE | |
r-release-macos-arm64 | 0.2.1 | 16.00 | NOTE | |||
r-release-macos-x86_64 | 0.2.1 | 18.00 | NOTE | |||
r-release-windows-x86_64 | 0.2.1 | 3.00 | 41.00 | 44.00 | NOTE | |
r-oldrel-macos-arm64 | 0.2.1 | 16.00 | NOTE | |||
r-oldrel-windows-x86_64 | 0.2.1 | 4.00 | 43.00 | 47.00 | NOTE |
Version: 0.2.1
Check: LazyData
Result: NOTE
'LazyData' is specified without a 'data' directory
Flavors: r-devel-linux-x86_64-debian-clang, r-devel-linux-x86_64-debian-gcc, r-devel-linux-x86_64-fedora-clang, r-devel-linux-x86_64-fedora-gcc, r-devel-windows-x86_64, r-patched-linux-x86_64, r-release-linux-x86_64, r-release-macos-arm64, r-release-macos-x86_64, r-release-windows-x86_64, r-oldrel-macos-arm64, r-oldrel-windows-x86_64