CRAN Package Check Results for Package tabit

Last updated on 2022-07-05 11:50:05 CEST.

Flavor Version Tinstall Tcheck Ttotal Status Flags
r-devel-linux-x86_64-debian-clang 0.2.1 1.71 23.26 24.97 NOTE
r-devel-linux-x86_64-debian-gcc 0.2.1 1.53 18.00 19.53 NOTE
r-devel-linux-x86_64-fedora-clang 0.2.1 41.24 NOTE
r-devel-linux-x86_64-fedora-gcc 0.2.1 40.89 NOTE
r-devel-windows-x86_64 0.2.1 9.00 52.00 61.00 NOTE
r-patched-linux-x86_64 0.2.1 2.15 22.71 24.86 NOTE
r-release-linux-x86_64 0.2.1 1.66 22.54 24.20 NOTE
r-release-macos-arm64 0.2.1 14.00 NOTE
r-release-macos-x86_64 0.2.1 20.00 NOTE
r-release-windows-x86_64 0.2.1 12.00 48.00 60.00 NOTE
r-oldrel-macos-arm64 0.2.1 15.00 NOTE
r-oldrel-macos-x86_64 0.2.1 25.00 NOTE
r-oldrel-windows-ix86+x86_64 0.2.1 5.00 42.00 47.00 NOTE

Check Details

Version: 0.2.1
Check: LazyData
Result: NOTE
     'LazyData' is specified without a 'data' directory
Flavors: r-devel-linux-x86_64-debian-clang, r-devel-linux-x86_64-debian-gcc, r-devel-linux-x86_64-fedora-clang, r-devel-linux-x86_64-fedora-gcc, r-devel-windows-x86_64, r-patched-linux-x86_64, r-release-linux-x86_64, r-release-macos-arm64, r-release-macos-x86_64, r-release-windows-x86_64, r-oldrel-macos-arm64, r-oldrel-macos-x86_64, r-oldrel-windows-ix86+x86_64