Last updated on 2022-06-29 11:52:24 CEST.
Flavor | Version | Tinstall | Tcheck | Ttotal | Status | Flags |
---|---|---|---|---|---|---|
r-devel-linux-x86_64-debian-clang | 0.2 | 2.62 | 31.14 | 33.76 | NOTE | |
r-devel-linux-x86_64-debian-gcc | 0.2 | 2.05 | 23.77 | 25.82 | NOTE | |
r-devel-linux-x86_64-fedora-clang | 0.2 | 51.80 | NOTE | |||
r-devel-linux-x86_64-fedora-gcc | 0.2 | 50.83 | NOTE | |||
r-devel-windows-x86_64 | 0.2 | 25.00 | 64.00 | 89.00 | NOTE | |
r-patched-linux-x86_64 | 0.2 | 2.95 | 31.02 | 33.97 | NOTE | |
r-release-linux-x86_64 | 0.2 | 2.29 | 30.47 | 32.76 | NOTE | |
r-release-macos-arm64 | 0.2 | 21.00 | NOTE | |||
r-release-macos-x86_64 | 0.2 | 28.00 | NOTE | |||
r-release-windows-x86_64 | 0.2 | 30.00 | 64.00 | 94.00 | NOTE | |
r-oldrel-macos-arm64 | 0.2 | 31.00 | NOTE | |||
r-oldrel-macos-x86_64 | 0.2 | 34.00 | NOTE | |||
r-oldrel-windows-ix86+x86_64 | 0.2 | 6.00 | 53.00 | 59.00 | NOTE |
Version: 0.2
Check: LazyData
Result: NOTE
'LazyData' is specified without a 'data' directory
Flavors: r-devel-linux-x86_64-debian-clang, r-devel-linux-x86_64-debian-gcc, r-devel-linux-x86_64-fedora-clang, r-devel-linux-x86_64-fedora-gcc, r-devel-windows-x86_64, r-patched-linux-x86_64, r-release-linux-x86_64, r-release-macos-arm64, r-release-macos-x86_64, r-release-windows-x86_64, r-oldrel-macos-arm64, r-oldrel-macos-x86_64, r-oldrel-windows-ix86+x86_64
Version: 0.2
Check: dependencies in R code
Result: NOTE
Namespace in Imports field not imported from: ‘latticeExtra’
All declared Imports should be used.
Flavors: r-devel-linux-x86_64-fedora-clang, r-devel-linux-x86_64-fedora-gcc, r-release-macos-arm64, r-release-macos-x86_64, r-oldrel-macos-arm64, r-oldrel-macos-x86_64