Last updated on 2024-03-28 09:51:59 CET.
Flavor | Version | Tinstall | Tcheck | Ttotal | Status | Flags |
---|---|---|---|---|---|---|
r-devel-linux-x86_64-debian-clang | 1.0.6 | 47.75 | 34.70 | 82.45 | OK | |
r-devel-linux-x86_64-debian-gcc | 1.0.6 | 34.64 | 26.30 | 60.94 | OK | |
r-devel-linux-x86_64-fedora-clang | 1.0.6 | 129.87 | OK | |||
r-devel-linux-x86_64-fedora-gcc | 1.0.6 | 135.46 | OK | |||
r-devel-windows-x86_64 | 1.0.6 | 54.00 | 75.00 | 129.00 | OK | |
r-patched-linux-x86_64 | 1.0.6 | 55.78 | 32.25 | 88.03 | OK | |
r-release-linux-x86_64 | 1.0.6 | 49.19 | 31.86 | 81.05 | OK | |
r-release-macos-arm64 | 1.0.6 | 74.00 | NOTE | |||
r-release-macos-x86_64 | 1.0.6 | 123.00 | NOTE | |||
r-release-windows-x86_64 | 1.0.6 | 51.00 | 97.00 | 148.00 | OK | |
r-oldrel-macos-arm64 | 1.0.6 | 59.00 | NOTE | |||
r-oldrel-windows-x86_64 | 1.0.6 | 54.00 | 80.00 | 134.00 | OK |
Version: 1.0.6
Check: installed package size
Result: NOTE
installed size is 21.8Mb
sub-directories of 1Mb or more:
libs 21.6Mb
Flavors: r-release-macos-arm64, r-release-macos-x86_64, r-oldrel-macos-arm64