CRAN Package Check Results for Package sys

Last updated on 2025-01-13 12:49:56 CET.

Flavor Version Tinstall Tcheck Ttotal Status Flags
r-devel-linux-x86_64-debian-clang 3.4.3 2.62 21.11 23.73 OK
r-devel-linux-x86_64-debian-gcc 3.4.3 2.04 17.73 19.77 OK
r-devel-linux-x86_64-fedora-clang 3.4.3 37.57 OK
r-devel-linux-x86_64-fedora-gcc 3.4.3 37.27 OK
r-devel-windows-x86_64 3.4.3 10.00 55.00 65.00 OK
r-patched-linux-x86_64 3.4.3 2.31 19.78 22.09 OK
r-release-linux-x86_64 3.4.3 2.38 19.99 22.37 OK
r-release-macos-arm64 3.4.3 37.00 OK
r-release-macos-x86_64 3.4.3 59.00 OK
r-release-windows-x86_64 3.4.3 10.00 54.00 64.00 NOTE
r-oldrel-macos-arm64 3.4.3 43.00 OK
r-oldrel-macos-x86_64 3.4.3 68.00 OK
r-oldrel-windows-x86_64 3.4.3 7.00 58.00 65.00 NOTE

Check Details

Version: 3.4.3
Check: package dependencies
Result: NOTE Package suggested but not available for checking: 'unix' Flavors: r-release-windows-x86_64, r-oldrel-windows-x86_64