Last updated on 2024-03-19 12:56:22 CET.
Flavor | Version | Tinstall | Tcheck | Ttotal | Status | Flags |
---|---|---|---|---|---|---|
r-devel-linux-x86_64-debian-clang | 0.8.0 | 1.98 | 22.53 | 24.51 | NOTE | |
r-devel-linux-x86_64-debian-gcc | 0.8.0 | 1.60 | 17.68 | 19.28 | NOTE | |
r-devel-linux-x86_64-fedora-clang | 0.8.0 | 31.34 | NOTE | |||
r-devel-linux-x86_64-fedora-gcc | 0.8.0 | 30.56 | NOTE | |||
r-devel-windows-x86_64 | 0.8.0 | 3.00 | 42.00 | 45.00 | NOTE | |
r-patched-linux-x86_64 | 0.8.0 | 1.84 | 22.42 | 24.26 | NOTE | |
r-release-linux-x86_64 | 0.8.0 | 1.89 | 22.18 | 24.07 | NOTE | |
r-release-macos-arm64 | 0.8.0 | 16.00 | NOTE | |||
r-release-macos-x86_64 | 0.8.0 | 19.00 | NOTE | |||
r-release-windows-x86_64 | 0.8.0 | 4.00 | 38.00 | 42.00 | NOTE | |
r-oldrel-macos-arm64 | 0.8.0 | 16.00 | NOTE | |||
r-oldrel-windows-x86_64 | 0.8.0 | 4.00 | 43.00 | 47.00 | NOTE |
Version: 0.8.0
Check: LazyData
Result: NOTE
'LazyData' is specified without a 'data' directory
Flavors: r-devel-linux-x86_64-debian-clang, r-devel-linux-x86_64-debian-gcc, r-devel-linux-x86_64-fedora-clang, r-devel-linux-x86_64-fedora-gcc, r-devel-windows-x86_64, r-patched-linux-x86_64, r-release-linux-x86_64, r-release-macos-arm64, r-release-macos-x86_64, r-release-windows-x86_64, r-oldrel-macos-arm64, r-oldrel-windows-x86_64