CRAN Package Check Results for Package synfd

Last updated on 2022-07-05 11:50:05 CEST.

Flavor Version Tinstall Tcheck Ttotal Status Flags
r-devel-linux-x86_64-debian-clang 0.1.3 1.70 24.82 26.52 NOTE
r-devel-linux-x86_64-debian-gcc 0.1.3 2.06 19.00 21.06 NOTE
r-devel-linux-x86_64-fedora-clang 0.1.3 44.29 NOTE
r-devel-linux-x86_64-fedora-gcc 0.1.3 43.49 NOTE
r-devel-windows-x86_64 0.1.3 11.00 51.00 62.00 NOTE
r-patched-linux-x86_64 0.1.3 2.94 24.07 27.01 NOTE
r-release-linux-x86_64 0.1.3 2.32 24.05 26.37 NOTE
r-release-macos-arm64 0.1.3 18.00 NOTE
r-release-macos-x86_64 0.1.3 21.00 NOTE
r-release-windows-x86_64 0.1.3 15.00 51.00 66.00 NOTE
r-oldrel-macos-arm64 0.1.3 20.00 NOTE
r-oldrel-macos-x86_64 0.1.3 25.00 NOTE
r-oldrel-windows-ix86+x86_64 0.1.3 6.00 45.00 51.00 NOTE

Check Details

Version: 0.1.3
Check: LazyData
Result: NOTE
     'LazyData' is specified without a 'data' directory
Flavors: r-devel-linux-x86_64-debian-clang, r-devel-linux-x86_64-debian-gcc, r-devel-linux-x86_64-fedora-clang, r-devel-linux-x86_64-fedora-gcc, r-devel-windows-x86_64, r-patched-linux-x86_64, r-release-linux-x86_64, r-release-macos-arm64, r-release-macos-x86_64, r-release-windows-x86_64, r-oldrel-macos-arm64, r-oldrel-macos-x86_64, r-oldrel-windows-ix86+x86_64

Version: 0.1.3
Check: dependencies in R code
Result: NOTE
    Namespace in Imports field not imported from: ‘Rdpack’
     All declared Imports should be used.
Flavors: r-devel-linux-x86_64-fedora-clang, r-devel-linux-x86_64-fedora-gcc, r-release-macos-arm64, r-release-macos-x86_64, r-oldrel-macos-arm64, r-oldrel-macos-x86_64