CRAN Package Check Results for Package synchrony

Last updated on 2025-04-29 12:52:52 CEST.

Flavor Version Tinstall Tcheck Ttotal Status Flags
r-devel-linux-x86_64-debian-clang 0.3.8 3.20 33.85 37.05 NOTE
r-devel-linux-x86_64-debian-gcc 0.3.8 2.63 24.84 27.47 NOTE
r-devel-linux-x86_64-fedora-clang 0.3.8 57.09 NOTE
r-devel-linux-x86_64-fedora-gcc 0.3.8 53.78 NOTE
r-devel-windows-x86_64 0.3.8 4.00 58.00 62.00 NOTE
r-patched-linux-x86_64 0.3.8 3.77 30.97 34.74 NOTE
r-release-linux-x86_64 0.3.8 3.33 30.69 34.02 NOTE
r-release-macos-arm64 0.3.8 19.00 NOTE
r-release-macos-x86_64 0.3.8 32.00 NOTE
r-release-windows-x86_64 0.3.8 4.00 62.00 66.00 NOTE
r-oldrel-macos-arm64 0.3.8 18.00 NOTE
r-oldrel-macos-x86_64 0.3.8 28.00 NOTE
r-oldrel-windows-x86_64 0.3.8 4.00 56.00 60.00 NOTE

Check Details

Version: 0.3.8
Check: CRAN incoming feasibility
Result: NOTE Maintainer: ‘Tarik C. Gouhier <tarik.gouhier@gmail.com>’ No Authors@R field in DESCRIPTION. Please add one, modifying Authors@R: person(given = c("Tarik", "C."), family = "Gouhier", role = c("aut", "cre"), email = "tarik.gouhier@gmail.com") as necessary. Flavors: r-devel-linux-x86_64-debian-clang, r-devel-linux-x86_64-debian-gcc

Version: 0.3.8
Check: Rd files
Result: NOTE checkRd: (-1) coord2dist.Rd:14: Lost braces; missing escapes or markup? 14 | \code{n} x 4 matrix of coordinates consisting of {lat or y, lon or x} pairs for each each site | ^ Flavors: r-devel-linux-x86_64-debian-clang, r-devel-linux-x86_64-debian-gcc, r-devel-linux-x86_64-fedora-clang, r-devel-linux-x86_64-fedora-gcc, r-devel-windows-x86_64, r-patched-linux-x86_64, r-release-linux-x86_64, r-release-macos-arm64, r-release-macos-x86_64, r-release-windows-x86_64, r-oldrel-macos-arm64, r-oldrel-macos-x86_64, r-oldrel-windows-x86_64