CRAN Package Check Results for Package symengine

Last updated on 2022-06-25 10:53:16 CEST.

Flavor Version Tinstall Tcheck Ttotal Status Flags
r-devel-linux-x86_64-debian-clang 0.2.1 428.86 133.38 562.24 OK
r-devel-linux-x86_64-debian-gcc 0.2.1 473.56 97.33 570.89 OK
r-devel-linux-x86_64-fedora-clang 0.2.1 968.30 NOTE
r-devel-linux-x86_64-fedora-gcc 0.2.1 961.99 NOTE
r-devel-windows-x86_64 0.2.1 927.00 226.00 1153.00 NOTE
r-patched-linux-x86_64 0.2.1 495.99 123.94 619.93 OK
r-release-linux-x86_64 0.2.1 483.67 119.71 603.38 OK
r-release-macos-arm64 0.2.1 240.00 NOTE
r-release-macos-x86_64 0.2.1 344.00 NOTE
r-release-windows-x86_64 0.2.1 1298.00 235.00 1533.00 NOTE
r-oldrel-macos-arm64 0.1.6 323.00 NOTE
r-oldrel-macos-x86_64 0.1.6 290.00 NOTE
r-oldrel-windows-ix86+x86_64 0.1.6 66.00 173.00 239.00 NOTE

Check Details

Version: 0.2.1
Check: installed package size
Result: NOTE
     installed size is 31.1Mb
     sub-directories of 1Mb or more:
     libs 30.2Mb
Flavors: r-devel-linux-x86_64-fedora-clang, r-devel-windows-x86_64, r-release-macos-arm64, r-release-macos-x86_64, r-release-windows-x86_64

Version: 0.2.1
Check: for GNU extensions in Makefiles
Result: NOTE
    GNU make is a SystemRequirements.
Flavors: r-devel-linux-x86_64-fedora-clang, r-devel-linux-x86_64-fedora-gcc, r-release-macos-arm64, r-release-macos-x86_64

Version: 0.1.6
Check: installed package size
Result: NOTE
     installed size is 50.3Mb
     sub-directories of 1Mb or more:
     libs 49.4Mb
Flavors: r-oldrel-macos-arm64, r-oldrel-macos-x86_64, r-oldrel-windows-ix86+x86_64

Version: 0.1.6
Check: for GNU extensions in Makefiles
Result: NOTE
    GNU make is a SystemRequirements.
Flavors: r-oldrel-macos-arm64, r-oldrel-macos-x86_64