CRAN Package Check Results for Package sym.arma

Last updated on 2024-07-21 10:55:36 CEST.

Flavor Version Tinstall Tcheck Ttotal Status Flags
r-devel-linux-x86_64-debian-clang 1.0 5.09 40.68 45.77 NOTE
r-devel-linux-x86_64-debian-gcc 1.0 4.09 29.59 33.68 NOTE
r-devel-linux-x86_64-fedora-clang 1.0 58.25 NOTE
r-devel-linux-x86_64-fedora-gcc 1.0 55.25 NOTE
r-devel-windows-x86_64 1.0 5.00 46.00 51.00 NOTE
r-patched-linux-x86_64 1.0 6.79 38.66 45.45 NOTE
r-release-linux-x86_64 1.0 4.76 39.32 44.08 NOTE
r-release-macos-arm64 1.0 20.00 NOTE
r-release-macos-x86_64 1.0 28.00 NOTE
r-release-windows-x86_64 1.0 5.00 47.00 52.00 NOTE
r-oldrel-macos-arm64 1.0 20.00 OK
r-oldrel-macos-x86_64 1.0 27.00 OK
r-oldrel-windows-x86_64 1.0 8.00 50.00 58.00 OK

Check Details

Version: 1.0
Check: Rd files
Result: NOTE checkRd: (-1) elliptical.ts.Rd:18: Lost braces; missing escapes or markup? 18 | \item{epsilon}{positive convergence tolerance \emph{e}; the iterations converge when |fit - fit_{old}|/|fit| < \emph{e}. Default is \emph{e=1e-04}.} | ^ Flavors: r-devel-linux-x86_64-debian-clang, r-devel-linux-x86_64-debian-gcc, r-devel-linux-x86_64-fedora-clang, r-devel-linux-x86_64-fedora-gcc, r-devel-windows-x86_64, r-patched-linux-x86_64, r-release-linux-x86_64, r-release-macos-arm64, r-release-macos-x86_64, r-release-windows-x86_64