Last updated on 2023-02-01 13:53:35 CET.
Flavor | Version | Tinstall | Tcheck | Ttotal | Status | Flags |
---|---|---|---|---|---|---|
r-devel-linux-x86_64-debian-clang | 2.4.5 | 7.80 | 63.00 | 70.80 | NOTE | |
r-devel-linux-x86_64-debian-gcc | 2.4.5 | 6.67 | 48.05 | 54.72 | NOTE | |
r-devel-linux-x86_64-fedora-clang | 2.4.5 | 88.05 | NOTE | |||
r-devel-linux-x86_64-fedora-gcc | 2.4.5 | 84.70 | NOTE | |||
r-devel-windows-x86_64 | 2.4.5 | 35.00 | 112.00 | 147.00 | NOTE | |
r-patched-linux-x86_64 | 2.4.5 | 7.40 | 59.95 | 67.35 | NOTE | |
r-release-linux-x86_64 | 2.4.5 | 6.63 | 60.31 | 66.94 | NOTE | |
r-release-macos-arm64 | 2.4.5 | 27.00 | NOTE | |||
r-release-macos-x86_64 | 2.4.5 | 47.00 | NOTE | |||
r-release-windows-x86_64 | 2.4.5 | 49.00 | 104.00 | 153.00 | NOTE | |
r-oldrel-macos-arm64 | 2.4.5 | 32.00 | NOTE | |||
r-oldrel-macos-x86_64 | 2.4.5 | 51.00 | NOTE | |||
r-oldrel-windows-ix86+x86_64 | 2.4.5 | 15.00 | 86.00 | 101.00 | NOTE |
Version: 2.4.5
Check: LazyData
Result: NOTE
'LazyData' is specified without a 'data' directory
Flavors: r-devel-linux-x86_64-debian-clang, r-devel-linux-x86_64-debian-gcc, r-devel-linux-x86_64-fedora-clang, r-devel-linux-x86_64-fedora-gcc, r-devel-windows-x86_64, r-patched-linux-x86_64, r-release-linux-x86_64, r-release-macos-arm64, r-release-macos-x86_64, r-release-windows-x86_64, r-oldrel-macos-arm64, r-oldrel-macos-x86_64, r-oldrel-windows-ix86+x86_64