CRAN Package Check Results for Package swephR

Last updated on 2022-06-26 11:52:46 CEST.

Flavor Version Tinstall Tcheck Ttotal Status Flags
r-devel-linux-x86_64-debian-clang 0.3.0 44.29 37.87 82.16 NOTE
r-devel-linux-x86_64-debian-gcc 0.3.0 39.22 29.24 68.46 NOTE
r-devel-linux-x86_64-fedora-clang 0.3.0 121.07 NOTE
r-devel-linux-x86_64-fedora-gcc 0.3.0 120.76 NOTE
r-devel-windows-x86_64 0.3.0 59.00 91.00 150.00 NOTE
r-patched-linux-x86_64 0.3.0 40.43 36.61 77.04 NOTE
r-release-linux-x86_64 0.3.0 37.39 37.24 74.63 NOTE
r-release-macos-arm64 0.3.0 31.00 NOTE
r-release-macos-x86_64 0.3.0 46.00 NOTE
r-release-windows-x86_64 0.3.0 66.00 90.00 156.00 NOTE
r-oldrel-macos-arm64 0.3.0 37.00 NOTE
r-oldrel-macos-x86_64 0.3.0 47.00 NOTE
r-oldrel-windows-ix86+x86_64 0.3.0 136.00 94.00 230.00 NOTE

Check Details

Version: 0.3.0
Check: package dependencies
Result: NOTE
    Package suggested but not available for checking: 'swephRdata'
Flavors: r-devel-linux-x86_64-debian-clang, r-devel-linux-x86_64-debian-gcc, r-devel-linux-x86_64-fedora-clang, r-devel-linux-x86_64-fedora-gcc, r-devel-windows-x86_64, r-patched-linux-x86_64, r-release-linux-x86_64, r-release-macos-arm64, r-release-macos-x86_64, r-release-windows-x86_64, r-oldrel-macos-arm64, r-oldrel-macos-x86_64, r-oldrel-windows-ix86+x86_64

Version: 0.3.0
Check: installed package size
Result: NOTE
     installed size is 5.3Mb
     sub-directories of 1Mb or more:
     libs 5.0Mb
Flavor: r-oldrel-macos-arm64