Last updated on 2023-01-31 12:53:51 CET.
Flavor | Version | Tinstall | Tcheck | Ttotal | Status | Flags |
---|---|---|---|---|---|---|
r-devel-linux-x86_64-debian-clang | 1.0.0 | 3.06 | 230.01 | 233.07 | NOTE | |
r-devel-linux-x86_64-debian-gcc | 1.0.0 | 2.77 | 159.27 | 162.04 | NOTE | |
r-devel-linux-x86_64-fedora-clang | 1.0.0 | 278.71 | NOTE | |||
r-devel-linux-x86_64-fedora-gcc | 1.0.0 | 278.75 | NOTE | |||
r-devel-windows-x86_64 | 1.0.0 | 33.00 | 278.00 | 311.00 | NOTE | |
r-patched-linux-x86_64 | 1.0.0 | 3.98 | 211.37 | 215.35 | NOTE | |
r-release-linux-x86_64 | 1.0.0 | 3.51 | 216.77 | 220.28 | NOTE | |
r-release-macos-arm64 | 1.0.0 | 55.00 | NOTE | |||
r-release-macos-x86_64 | 1.0.0 | 92.00 | NOTE | |||
r-release-windows-x86_64 | 1.0.0 | 30.00 | 276.00 | 306.00 | NOTE | |
r-oldrel-macos-arm64 | 1.0.0 | 62.00 | NOTE | |||
r-oldrel-macos-x86_64 | 1.0.0 | 111.00 | NOTE | |||
r-oldrel-windows-ix86+x86_64 | 1.0.0 | 8.00 | 269.00 | 277.00 | NOTE |
Version: 1.0.0
Check: LazyData
Result: NOTE
'LazyData' is specified without a 'data' directory
Flavors: r-devel-linux-x86_64-debian-clang, r-devel-linux-x86_64-debian-gcc, r-devel-linux-x86_64-fedora-clang, r-devel-linux-x86_64-fedora-gcc, r-devel-windows-x86_64, r-patched-linux-x86_64, r-release-linux-x86_64, r-release-macos-arm64, r-release-macos-x86_64, r-release-windows-x86_64, r-oldrel-macos-arm64, r-oldrel-macos-x86_64, r-oldrel-windows-ix86+x86_64