CRAN Package Check Results for Package swa

Last updated on 2022-10-02 13:50:55 CEST.

Flavor Version Tinstall Tcheck Ttotal Status Flags
r-devel-linux-x86_64-debian-clang 0.8.1 4.93 64.13 69.06 NOTE
r-devel-linux-x86_64-debian-gcc 0.8.1 4.91 46.88 51.79 NOTE
r-devel-linux-x86_64-fedora-clang 0.8.1 98.35 NOTE
r-devel-linux-x86_64-fedora-gcc 0.8.1 92.38 NOTE
r-devel-windows-x86_64 0.8.1 9.00 96.00 105.00 NOTE
r-patched-linux-x86_64 0.8.1 5.54 59.26 64.80 NOTE
r-release-linux-x86_64 0.8.1 5.60 59.80 65.40 NOTE
r-release-macos-arm64 0.8.1 28.00 NOTE
r-release-macos-x86_64 0.8.1 51.00 NOTE
r-release-windows-x86_64 0.8.1 10.00 88.00 98.00 NOTE
r-oldrel-macos-arm64 0.8.1 34.00 NOTE
r-oldrel-macos-x86_64 0.8.1 48.00 NOTE
r-oldrel-windows-ix86+x86_64 0.8.1 15.00 84.00 99.00 NOTE

Check Details

Version: 0.8.1
Check: LazyData
Result: NOTE
     'LazyData' is specified without a 'data' directory
Flavors: r-devel-linux-x86_64-debian-clang, r-devel-linux-x86_64-debian-gcc, r-devel-linux-x86_64-fedora-clang, r-devel-linux-x86_64-fedora-gcc, r-devel-windows-x86_64, r-patched-linux-x86_64, r-release-linux-x86_64, r-release-macos-arm64, r-release-macos-x86_64, r-release-windows-x86_64, r-oldrel-macos-arm64, r-oldrel-macos-x86_64, r-oldrel-windows-ix86+x86_64