CRAN Package Check Results for Package svKomodo

Last updated on 2024-02-22 12:48:40 CET.

Flavor Version Tinstall Tcheck Ttotal Status Flags
r-devel-linux-x86_64-debian-clang 1.0.0 NOTE
r-devel-linux-x86_64-debian-gcc 1.0.0 2.24 21.61 23.85 NOTE
r-devel-linux-x86_64-fedora-clang 1.0.0 37.65 OK
r-devel-linux-x86_64-fedora-gcc 1.0.0 36.72 OK
r-devel-windows-x86_64 1.0.0 3.00 45.00 48.00 OK
r-patched-linux-x86_64 1.0.0 3.00 27.42 30.42 OK
r-release-linux-x86_64 1.0.0 2.53 27.06 29.59 OK
r-release-macos-arm64 1.0.0 17.00 OK
r-release-macos-x86_64 1.0.0 23.00 OK
r-release-windows-x86_64 1.0.0 4.00 45.00 49.00 OK
r-oldrel-macos-arm64 1.0.0 16.00 OK
r-oldrel-windows-x86_64 1.0.0 4.00 48.00 52.00 OK

Check Details

Version: 1.0.0
Check: Rd files
Result: NOTE checkRd: (-1) koInstall.Rd:24: Lost braces; missing escapes or markup? 24 | set, svKomodo loads {svSocket}, starts the socket server listening to the | ^ checkRd: (-1) svKomodo-package.Rd:18: Lost braces; missing escapes or markup? 18 | Komodo and (2) the present {svKomodo} R package that work hand in hand to | ^ checkRd: (-1) svKomodo-package.Rd:28: Lost braces; missing escapes or markup? 28 | Nevertheless, the SciViews-K Komodo addin and the {svKomodo} R package | ^ checkRd: (-1) svKomodo-package.Rd:31: Lost braces; missing escapes or markup? 31 | communication protocols developed in the {svSocket} and {svHttp} R packages. | ^ checkRd: (-1) svKomodo-package.Rd:31: Lost braces; missing escapes or markup? 31 | communication protocols developed in the {svSocket} and {svHttp} R packages. | ^ checkRd: (-1) svKomodo-package.Rd:37: Lost braces; missing escapes or markup? 37 | Both SciViews-K and {svKomodo} should be considered archived items. I keep | ^ Flavors: r-devel-linux-x86_64-debian-clang, r-devel-linux-x86_64-debian-gcc