CRAN Package Check Results for Package susieR

Last updated on 2022-06-28 12:52:38 CEST.

Flavor Version Tinstall Tcheck Ttotal Status Flags
r-devel-linux-x86_64-debian-clang 0.12.12 15.28 382.29 397.57 OK
r-devel-linux-x86_64-debian-gcc 0.12.12 12.96 280.47 293.43 OK
r-devel-linux-x86_64-fedora-clang 0.12.16 489.19 OK
r-devel-linux-x86_64-fedora-gcc 0.12.16 496.75 OK
r-devel-windows-x86_64 0.11.92 58.00 429.00 487.00 OK
r-patched-linux-x86_64 0.11.92 13.92 348.63 362.55 OK
r-release-linux-x86_64 0.12.12 16.01 366.53 382.54 OK
r-release-macos-arm64 0.12.12 156.00 ERROR
r-release-macos-x86_64 0.12.12 207.00 OK
r-release-windows-x86_64 0.11.92 59.00 440.00 499.00 OK
r-oldrel-macos-arm64 0.12.12 169.00 ERROR
r-oldrel-macos-x86_64 0.12.12 218.00 OK
r-oldrel-windows-ix86+x86_64 0.12.12 31.00 375.00 406.00 OK

Check Details

Version: 0.12.12
Check: tests
Result: ERROR
     Running ‘testthat.R’ [20s/21s]
    Running the tests in ‘tests/testthat.R’ failed.
    Last 13 lines of output:
     1/10 mismatches
     [1] 1904 - 1904 == -0.000224
     Backtrace:
     ▆
     1. ├─base::with(...)
     2. └─base::with.default(...)
     3. └─base::eval(substitute(expr), data, enclos = parent.frame())
     4. └─base::eval(substitute(expr), data, enclos = parent.frame())
     5. └─susieR:::expect_equal_susie_suff_stat(res1, res2, tolerance = 1e-06) at test_prior_weights.R:26:2
     6. └─susieR:::expect_equal_susie_suff_stat_update(...) at tests/testthat/helper_testthat.R:192:2
     7. └─testthat::expect_equal(...) at tests/testthat/helper_testthat.R:151:2
    
     [ FAIL 2 | WARN 0 | SKIP 2 | PASS 506 ]
     Error: Test failures
     Execution halted
Flavor: r-release-macos-arm64

Version: 0.12.12
Check: tests
Result: ERROR
     Running ‘testthat.R’ [20s/22s]
    Running the tests in ‘tests/testthat.R’ failed.
    Last 13 lines of output:
     1/10 mismatches
     [1] 1904 - 1904 == -0.000224
     Backtrace:
     ▆
     1. ├─base::with(...)
     2. └─base::with.default(...)
     3. └─base::eval(substitute(expr), data, enclos = parent.frame())
     4. └─base::eval(substitute(expr), data, enclos = parent.frame())
     5. └─susieR:::expect_equal_susie_suff_stat(res1, res2, tolerance = 1e-06) at test_prior_weights.R:26:2
     6. └─susieR:::expect_equal_susie_suff_stat_update(...) at tests/testthat/helper_testthat.R:192:2
     7. └─testthat::expect_equal(...) at tests/testthat/helper_testthat.R:151:2
    
     [ FAIL 2 | WARN 0 | SKIP 2 | PASS 506 ]
     Error: Test failures
     Execution halted
Flavor: r-oldrel-macos-arm64