Last updated on 2023-12-06 11:52:41 CET.
Flavor | Version | Tinstall | Tcheck | Ttotal | Status | Flags |
---|---|---|---|---|---|---|
r-devel-linux-x86_64-debian-clang | 2.1.0 | 11.95 | 88.08 | 100.03 | OK | |
r-devel-linux-x86_64-debian-gcc | 2.1.0 | 8.46 | 64.44 | 72.90 | OK | |
r-devel-linux-x86_64-fedora-clang | 2.1.0 | 124.15 | NOTE | |||
r-devel-linux-x86_64-fedora-gcc | 2.1.0 | 115.38 | NOTE | |||
r-devel-windows-x86_64 | 2.1.0 | 11.00 | 84.00 | 95.00 | OK | |
r-patched-linux-x86_64 | 2.1.0 | 8.13 | 81.50 | 89.63 | OK | |
r-release-linux-x86_64 | 2.1.0 | 6.54 | 82.59 | 89.13 | OK | |
r-release-macos-arm64 | 2.1.0 | 34.00 | OK | |||
r-release-macos-x86_64 | 2.1.0 | 74.00 | OK | |||
r-release-windows-x86_64 | 2.1.0 | 14.00 | 100.00 | 114.00 | OK | |
r-oldrel-macos-arm64 | 2.1.0 | 36.00 | OK | |||
r-oldrel-macos-x86_64 | 2.1.0 | 54.00 | OK | |||
r-oldrel-windows-x86_64 | 2.1.0 | 14.00 | 100.00 | 114.00 | OK |
Version: 2.1.0
Check: data for non-ASCII characters
Result: NOTE
Note: found 88 marked UTF-8 strings
Flavors: r-devel-linux-x86_64-fedora-clang, r-devel-linux-x86_64-fedora-gcc