Last updated on 2023-01-28 12:56:25 CET.
Flavor | Version | Tinstall | Tcheck | Ttotal | Status | Flags |
---|---|---|---|---|---|---|
r-devel-linux-x86_64-debian-clang | 2.0.7 | 8.25 | 70.32 | 78.57 | OK | |
r-devel-linux-x86_64-debian-gcc | 2.0.7 | 5.74 | 51.09 | 56.83 | OK | |
r-devel-linux-x86_64-fedora-clang | 2.0.7 | 98.15 | NOTE | |||
r-devel-linux-x86_64-fedora-gcc | 2.0.7 | 91.18 | NOTE | |||
r-patched-linux-x86_64 | 2.0.7 | 7.93 | 65.70 | 73.63 | OK | |
r-release-linux-x86_64 | 2.0.7 | 5.12 | 65.86 | 70.98 | OK | |
r-release-macos-arm64 | 2.0.7 | 28.00 | OK | |||
r-release-macos-x86_64 | 2.0.7 | 47.00 | OK | |||
r-release-windows-x86_64 | 2.0.7 | 27.00 | 107.00 | 134.00 | OK | |
r-oldrel-macos-arm64 | 2.0.7 | 36.00 | OK | |||
r-oldrel-macos-x86_64 | 2.0.7 | 48.00 | OK | |||
r-oldrel-windows-ix86+x86_64 | 2.0.7 | 19.00 | 99.00 | 118.00 | OK |
Version: 2.0.7
Check: data for non-ASCII characters
Result: NOTE
Note: found 25 marked UTF-8 strings
Flavors: r-devel-linux-x86_64-fedora-clang, r-devel-linux-x86_64-fedora-gcc