CRAN Package Check Results for Package survivalROC

Last updated on 2023-09-30 11:51:54 CEST.

Flavor Version Tinstall Tcheck Ttotal Status Flags
r-devel-linux-x86_64-debian-clang 1.0.3.1 3.22 23.14 26.36 OK
r-devel-linux-x86_64-debian-gcc 1.0.3.1 2.30 18.18 20.48 OK
r-devel-linux-x86_64-fedora-clang 1.0.3.1 32.46 NOTE
r-devel-linux-x86_64-fedora-gcc 1.0.3.1 31.88 NOTE
r-devel-windows-x86_64 1.0.3.1 4.00 40.00 44.00 OK
r-patched-linux-x86_64 1.0.3.1 2.91 22.54 25.45 OK
r-release-linux-x86_64 1.0.3.1 3.15 22.44 25.59 OK
r-release-macos-arm64 1.0.3.1 16.00 OK
r-release-macos-x86_64 1.0.3.1 20.00 OK
r-release-windows-x86_64 1.0.3.1 4.00 45.00 49.00 OK
r-oldrel-macos-arm64 1.0.3.1 18.00 OK
r-oldrel-macos-x86_64 1.0.3.1 23.00 OK
r-oldrel-windows-x86_64 1.0.3.1 19.00 46.00 65.00 OK

Check Details

Version: 1.0.3.1
Check: compiled code
Result: NOTE
    File ‘survivalROC/libs/survivalROC.so’:
     Found no calls to: ‘R_registerRoutines’, ‘R_useDynamicSymbols’
    
    It is good practice to register native routines and to disable symbol
    search.
    
    See ‘Writing portable packages’ in the ‘Writing R Extensions’ manual.
Flavors: r-devel-linux-x86_64-fedora-clang, r-devel-linux-x86_64-fedora-gcc