Last updated on 2024-04-23 10:54:19 CEST.
Flavor | Version | Tinstall | Tcheck | Ttotal | Status | Flags |
---|---|---|---|---|---|---|
r-devel-linux-x86_64-debian-clang | 0.0-2 | 52.64 | 31.40 | 84.04 | NOTE | |
r-devel-linux-x86_64-debian-gcc | 0.0-2 | 40.65 | 24.56 | 65.21 | NOTE | |
r-devel-linux-x86_64-fedora-clang | 0.0-2 | 134.34 | NOTE | |||
r-devel-linux-x86_64-fedora-gcc | 0.0-2 | 126.01 | NOTE | |||
r-prerel-macos-arm64 | 0.0-2 | 31.00 | NOTE | |||
r-prerel-windows-x86_64 | 0.0-2 | 47.00 | 66.00 | 113.00 | NOTE | |
r-patched-linux-x86_64 | 0.0-2 | 56.49 | 30.57 | 87.06 | NOTE | |
r-release-linux-x86_64 | 0.0-2 | 53.59 | 31.67 | 85.26 | NOTE | |
r-release-macos-arm64 | 0.0-2 | 38.00 | NOTE | |||
r-release-macos-x86_64 | 0.0-2 | 54.00 | NOTE | |||
r-release-windows-x86_64 | 0.0-2 | 57.00 | 73.00 | 130.00 | NOTE | |
r-oldrel-macos-arm64 | 0.0-2 | 33.00 | OK | |||
r-oldrel-windows-x86_64 | 0.0-2 | 55.00 | 74.00 | 129.00 | OK |
Version: 0.0-2
Check: C++ specification
Result: NOTE
Specified C++11: please drop specification unless essential
Flavors: r-devel-linux-x86_64-debian-clang, r-devel-linux-x86_64-debian-gcc, r-devel-linux-x86_64-fedora-clang, r-devel-linux-x86_64-fedora-gcc, r-prerel-macos-arm64, r-prerel-windows-x86_64, r-patched-linux-x86_64, r-release-linux-x86_64, r-release-macos-arm64, r-release-macos-x86_64, r-release-windows-x86_64