Last updated on 2024-04-18 12:53:03 CEST.
Flavor | Version | Tinstall | Tcheck | Ttotal | Status | Flags |
---|---|---|---|---|---|---|
r-devel-linux-x86_64-debian-clang | 1.0.6 | 185.87 | 173.42 | 359.29 | NOTE | |
r-devel-linux-x86_64-debian-gcc | 1.0.6 | 142.55 | 124.44 | 266.99 | NOTE | |
r-devel-linux-x86_64-fedora-clang | 1.0.6 | 459.22 | NOTE | |||
r-devel-linux-x86_64-fedora-gcc | 1.0.6 | 445.24 | NOTE | |||
r-prerel-macos-arm64 | 1.0.6 | 108.00 | NOTE | |||
r-prerel-macos-x86_64 | 1.0.6 | 250.00 | NOTE | |||
r-prerel-windows-x86_64 | 1.0.6 | 140.00 | 157.00 | 297.00 | NOTE | |
r-patched-linux-x86_64 | 1.0.6 | 130.88 | 165.44 | 296.32 | NOTE | |
r-release-linux-x86_64 | 1.0.6 | 131.83 | 175.29 | 307.12 | NOTE | |
r-release-macos-arm64 | 1.0.6 | 118.00 | NOTE | |||
r-release-macos-x86_64 | 1.0.6 | 239.00 | NOTE | |||
r-release-windows-x86_64 | 1.0.6 | 182.00 | 204.00 | 386.00 | NOTE | |
r-oldrel-macos-arm64 | 1.0.6 | 115.00 | NOTE | |||
r-oldrel-windows-x86_64 | 1.0.6 | 160.00 | 191.00 | 351.00 | NOTE |
Version: 1.0.6
Check: package dependencies
Result: NOTE
Package suggested but not available for checking: ‘gurobi’
Flavors: r-devel-linux-x86_64-debian-clang, r-devel-linux-x86_64-debian-gcc, r-devel-linux-x86_64-fedora-clang, r-devel-linux-x86_64-fedora-gcc, r-prerel-macos-arm64, r-prerel-macos-x86_64, r-prerel-windows-x86_64, r-patched-linux-x86_64, r-release-linux-x86_64, r-release-macos-arm64, r-release-macos-x86_64, r-release-windows-x86_64, r-oldrel-macos-arm64, r-oldrel-windows-x86_64
Version: 1.0.6
Check: installed package size
Result: NOTE
installed size is 10.1Mb
sub-directories of 1Mb or more:
libs 9.0Mb
Flavors: r-prerel-macos-arm64, r-prerel-macos-x86_64, r-release-macos-arm64, r-release-macos-x86_64, r-oldrel-macos-arm64