Last updated on 2022-06-26 11:52:46 CEST.
Flavor | Version | Tinstall | Tcheck | Ttotal | Status | Flags |
---|---|---|---|---|---|---|
r-devel-linux-x86_64-debian-clang | 1.3.0 | 48.04 | 376.61 | 424.65 | NOTE | |
r-devel-linux-x86_64-debian-gcc | 1.3.0 | 37.69 | 600.78 | 638.47 | NOTE | |
r-devel-linux-x86_64-fedora-clang | 1.3.0 | 410.08 | NOTE | |||
r-devel-linux-x86_64-fedora-gcc | 1.3.0 | 453.78 | NOTE | |||
r-devel-windows-x86_64 | 1.3.0 | 66.00 | 274.00 | 340.00 | NOTE | |
r-patched-linux-x86_64 | 1.3.0 | 36.17 | 396.48 | 432.65 | NOTE | |
r-release-linux-x86_64 | 1.3.0 | 39.62 | 379.10 | 418.72 | NOTE | |
r-release-macos-arm64 | 1.3.0 | 86.00 | NOTE | |||
r-release-macos-x86_64 | 1.3.0 | 163.00 | NOTE | |||
r-release-windows-x86_64 | 1.3.0 | 64.00 | 263.00 | 327.00 | NOTE | |
r-oldrel-macos-arm64 | 1.3.0 | 99.00 | NOTE | |||
r-oldrel-macos-x86_64 | 1.3.0 | 199.00 | NOTE | |||
r-oldrel-windows-ix86+x86_64 | 1.3.0 | 115.00 | 425.00 | 540.00 | NOTE |
Version: 1.3.0
Check: LazyData
Result: NOTE
'LazyData' is specified without a 'data' directory
Flavors: r-devel-linux-x86_64-debian-clang, r-devel-linux-x86_64-debian-gcc, r-devel-linux-x86_64-fedora-clang, r-devel-linux-x86_64-fedora-gcc, r-devel-windows-x86_64, r-patched-linux-x86_64, r-release-linux-x86_64, r-release-macos-arm64, r-release-macos-x86_64, r-release-windows-x86_64, r-oldrel-macos-arm64, r-oldrel-macos-x86_64, r-oldrel-windows-ix86+x86_64