Last updated on 2024-04-23 10:54:19 CEST.
Flavor | Version | Tinstall | Tcheck | Ttotal | Status | Flags |
---|---|---|---|---|---|---|
r-devel-linux-x86_64-debian-clang | 0.2.2 | 329.06 | 315.15 | 644.21 | NOTE | |
r-devel-linux-x86_64-debian-gcc | 0.2.2 | 318.84 | 250.06 | 568.90 | NOTE | |
r-devel-linux-x86_64-fedora-clang | 0.2.2 | 803.77 | NOTE | |||
r-devel-linux-x86_64-fedora-gcc | 0.2.2 | 965.64 | NOTE | |||
r-prerel-macos-arm64 | 0.2.2 | 182.00 | NOTE | |||
r-prerel-windows-x86_64 | 0.2.2 | 246.00 | 268.00 | 514.00 | NOTE | |
r-patched-linux-x86_64 | 0.2.2 | 281.15 | 321.49 | 602.64 | NOTE | |
r-release-linux-x86_64 | 0.2.2 | 277.66 | 339.57 | 617.23 | NOTE | |
r-release-macos-arm64 | 0.2.2 | 234.00 | NOTE | |||
r-release-macos-x86_64 | 0.2.2 | 497.00 | NOTE | |||
r-release-windows-x86_64 | 0.2.2 | 326.00 | 341.00 | 667.00 | NOTE | |
r-oldrel-macos-arm64 | 0.2.2 | 251.00 | NOTE | |||
r-oldrel-windows-x86_64 | 0.2.2 | 317.00 | 322.00 | 639.00 | NOTE |
Version: 0.2.2
Check: for GNU extensions in Makefiles
Result: NOTE
GNU make is a SystemRequirements.
Flavors: r-devel-linux-x86_64-debian-clang, r-devel-linux-x86_64-debian-gcc, r-devel-linux-x86_64-fedora-clang, r-devel-linux-x86_64-fedora-gcc, r-prerel-macos-arm64, r-prerel-windows-x86_64, r-patched-linux-x86_64, r-release-linux-x86_64, r-release-macos-arm64, r-release-macos-x86_64, r-release-windows-x86_64, r-oldrel-macos-arm64, r-oldrel-windows-x86_64
Version: 0.2.2
Check: dependencies in R code
Result: NOTE
Namespaces in Imports field not imported from:
‘RcppParallel’ ‘rstantools’
All declared Imports should be used.
Flavors: r-devel-linux-x86_64-fedora-clang, r-devel-linux-x86_64-fedora-gcc
Version: 0.2.2
Check: installed package size
Result: NOTE
installed size is 63.4Mb
sub-directories of 1Mb or more:
libs 62.1Mb
Flavors: r-prerel-macos-arm64, r-release-macos-arm64, r-release-macos-x86_64, r-oldrel-macos-arm64