CRAN Package Check Results for Package survRM2adapt

Last updated on 2022-06-30 11:53:21 CEST.

Flavor Version Tinstall Tcheck Ttotal Status Flags
r-devel-linux-x86_64-debian-clang 1.0-1 8.23 64.97 73.20 NOTE
r-devel-linux-x86_64-debian-gcc 1.0-1 6.43 50.57 57.00 NOTE
r-devel-linux-x86_64-fedora-clang 1.0-1 99.48 NOTE
r-devel-linux-x86_64-fedora-gcc 1.0-1 97.55 NOTE
r-devel-windows-x86_64 1.0-1 23.00 93.00 116.00 NOTE
r-patched-linux-x86_64 1.0-1 6.25 63.18 69.43 NOTE
r-release-linux-x86_64 1.0-1 7.04 64.66 71.70 NOTE
r-release-macos-arm64 1.0-1 29.00 NOTE
r-release-macos-x86_64 1.0-1 41.00 NOTE
r-release-windows-x86_64 1.0-1 23.00 94.00 117.00 NOTE
r-oldrel-macos-arm64 1.0-1 34.00 NOTE
r-oldrel-macos-x86_64 1.0-1 56.00 NOTE
r-oldrel-windows-ix86+x86_64 1.0-1 17.00 83.00 100.00 NOTE

Check Details

Version: 1.0-1
Check: LazyData
Result: NOTE
     'LazyData' is specified without a 'data' directory
Flavors: r-devel-linux-x86_64-debian-clang, r-devel-linux-x86_64-debian-gcc, r-devel-linux-x86_64-fedora-clang, r-devel-linux-x86_64-fedora-gcc, r-devel-windows-x86_64, r-patched-linux-x86_64, r-release-linux-x86_64, r-release-macos-arm64, r-release-macos-x86_64, r-release-windows-x86_64, r-oldrel-macos-arm64, r-oldrel-macos-x86_64, r-oldrel-windows-ix86+x86_64