CRAN Package Check Results for Package survPen

Last updated on 2022-06-30 11:53:21 CEST.

Flavor Version Tinstall Tcheck Ttotal Status Flags
r-devel-linux-x86_64-debian-clang 1.5.2 50.44 223.95 274.39 OK --no-vignettes
r-devel-linux-x86_64-debian-gcc 1.5.2 34.82 537.21 572.03 OK --no-vignettes
r-devel-linux-x86_64-fedora-clang 1.5.2 810.31 NOTE
r-devel-linux-x86_64-fedora-gcc 1.5.2 691.24 OK
r-devel-windows-x86_64 1.5.2 62.00 416.00 478.00 OK
r-patched-linux-x86_64 1.5.2 40.79 169.45 210.24 OK --no-vignettes
r-release-linux-x86_64 1.5.2 39.23 165.70 204.93 OK --no-vignettes
r-release-macos-arm64 1.5.2 155.00 NOTE
r-release-macos-x86_64 1.5.2 271.00 NOTE
r-release-windows-x86_64 1.5.2 59.00 424.00 483.00 OK
r-oldrel-macos-arm64 1.5.2 134.00 NOTE
r-oldrel-macos-x86_64 1.5.2 261.00 NOTE
r-oldrel-windows-ix86+x86_64 1.5.2 95.00 589.00 684.00 OK

Check Details

Version: 1.5.2
Check: installed package size
Result: NOTE
     installed size is 12.7Mb
     sub-directories of 1Mb or more:
     libs 12.0Mb
Flavors: r-devel-linux-x86_64-fedora-clang, r-release-macos-arm64, r-release-macos-x86_64, r-oldrel-macos-arm64, r-oldrel-macos-x86_64