CRAN Package Check Results for Package surrosurvROC

Last updated on 2022-07-04 12:54:23 CEST.

Flavor Version Tinstall Tcheck Ttotal Status Flags
r-devel-linux-x86_64-debian-clang 0.1.0 8.32 75.16 83.48 NOTE
r-devel-linux-x86_64-debian-gcc 0.1.0 6.90 57.18 64.08 NOTE
r-devel-linux-x86_64-fedora-clang 0.1.0 108.12 NOTE
r-devel-linux-x86_64-fedora-gcc 0.1.0 109.63 NOTE
r-devel-windows-x86_64 0.1.0 11.00 94.00 105.00 NOTE
r-patched-linux-x86_64 0.1.0 6.40 71.49 77.89 NOTE
r-release-linux-x86_64 0.1.0 6.28 72.23 78.51 NOTE
r-release-macos-arm64 0.1.0 32.00 NOTE
r-release-macos-x86_64 0.1.0 43.00 NOTE
r-release-windows-x86_64 0.1.0 19.00 94.00 113.00 NOTE
r-oldrel-macos-arm64 0.1.0 35.00 NOTE
r-oldrel-macos-x86_64 0.1.0 61.00 NOTE
r-oldrel-windows-ix86+x86_64 0.1.0 18.00 90.00 108.00 NOTE

Check Details

Version: 0.1.0
Check: LazyData
Result: NOTE
     'LazyData' is specified without a 'data' directory
Flavors: r-devel-linux-x86_64-debian-clang, r-devel-linux-x86_64-debian-gcc, r-devel-linux-x86_64-fedora-clang, r-devel-linux-x86_64-fedora-gcc, r-devel-windows-x86_64, r-patched-linux-x86_64, r-release-linux-x86_64, r-release-macos-arm64, r-release-macos-x86_64, r-release-windows-x86_64, r-oldrel-macos-arm64, r-oldrel-macos-x86_64, r-oldrel-windows-ix86+x86_64