CRAN Package Check Results for Package surface

Last updated on 2024-02-22 12:48:40 CET.

Flavor Version Tinstall Tcheck Ttotal Status Flags
r-devel-linux-x86_64-debian-clang 0.5 NOTE
r-devel-linux-x86_64-debian-gcc 0.5 10.03 177.08 187.11 NOTE
r-devel-linux-x86_64-fedora-clang 0.5 315.61 NOTE
r-devel-linux-x86_64-fedora-gcc 0.5 308.84 NOTE
r-devel-windows-x86_64 0.5 12.00 188.00 200.00 NOTE
r-patched-linux-x86_64 0.5 13.47 237.52 250.99 NOTE
r-release-linux-x86_64 0.5 12.87 234.10 246.97 NOTE
r-release-macos-arm64 0.5 122.00 NOTE
r-release-macos-x86_64 0.5 221.00 OK
r-release-windows-x86_64 0.5 15.00 244.00 259.00 NOTE
r-oldrel-macos-arm64 0.5 95.00 OK
r-oldrel-windows-x86_64 0.5 15.00 249.00 264.00 NOTE

Check Details

Version: 0.5
Check: R code for possible problems
Result: NOTE surfaceSimulate : phytransform: no visible global function definition for ‘rescale’ Undefined global functions or variables: rescale Flavors: r-devel-linux-x86_64-debian-clang, r-devel-linux-x86_64-debian-gcc, r-devel-linux-x86_64-fedora-clang, r-devel-linux-x86_64-fedora-gcc, r-devel-windows-x86_64, r-patched-linux-x86_64, r-release-linux-x86_64, r-release-macos-arm64, r-release-windows-x86_64, r-oldrel-windows-x86_64