Last updated on 2024-04-20 11:50:35 CEST.
Flavor | Version | Tinstall | Tcheck | Ttotal | Status | Flags |
---|---|---|---|---|---|---|
r-devel-linux-x86_64-debian-clang | 0.5 | 12.94 | 249.72 | 262.66 | NOTE | |
r-devel-linux-x86_64-debian-gcc | 0.5 | 9.31 | 176.33 | 185.64 | NOTE | |
r-devel-linux-x86_64-fedora-clang | 0.5 | 313.28 | NOTE | |||
r-devel-linux-x86_64-fedora-gcc | 0.5 | 308.45 | NOTE | |||
r-prerel-macos-arm64 | 0.5 | 84.00 | NOTE | |||
r-prerel-windows-x86_64 | 0.5 | 12.00 | 181.00 | 193.00 | NOTE | |
r-patched-linux-x86_64 | 0.5 | 13.24 | 238.25 | 251.49 | NOTE | |
r-release-linux-x86_64 | 0.5 | 13.88 | 240.04 | 253.92 | NOTE | |
r-release-macos-arm64 | 0.5 | 122.00 | NOTE | |||
r-release-macos-x86_64 | 0.5 | 221.00 | OK | |||
r-release-windows-x86_64 | 0.5 | 15.00 | 240.00 | 255.00 | NOTE | |
r-oldrel-macos-arm64 | 0.5 | 95.00 | OK | |||
r-oldrel-windows-x86_64 | 0.5 | 16.00 | 247.00 | 263.00 | NOTE |
Version: 0.5
Check: R code for possible problems
Result: NOTE
surfaceSimulate : phytransform: no visible global function definition
for ‘rescale’
Undefined global functions or variables:
rescale
Flavors: r-devel-linux-x86_64-debian-clang, r-devel-linux-x86_64-debian-gcc, r-devel-linux-x86_64-fedora-clang, r-devel-linux-x86_64-fedora-gcc, r-prerel-macos-arm64, r-prerel-windows-x86_64, r-patched-linux-x86_64, r-release-linux-x86_64, r-release-macos-arm64, r-release-windows-x86_64, r-oldrel-windows-x86_64