Last updated on 2024-04-17 10:41:52 CEST.
Flavor | Version | Tinstall | Tcheck | Ttotal | Status | Flags |
---|---|---|---|---|---|---|
r-devel-linux-x86_64-debian-clang | 0.2.0 | 6.65 | 54.19 | 60.84 | NOTE | |
r-devel-linux-x86_64-debian-gcc | 0.2.0 | 4.48 | 40.85 | 45.33 | NOTE | |
r-devel-linux-x86_64-fedora-clang | 0.2.0 | 75.73 | NOTE | |||
r-devel-linux-x86_64-fedora-gcc | 0.2.0 | 71.65 | NOTE | |||
r-prerel-macos-arm64 | 0.2.0 | 24.00 | NOTE | |||
r-prerel-windows-x86_64 | 0.2.0 | 7.00 | 60.00 | 67.00 | NOTE | |
r-patched-linux-x86_64 | 0.2.0 | 6.86 | 52.48 | 59.34 | NOTE | |
r-release-linux-x86_64 | 0.2.0 | 5.57 | 52.36 | 57.93 | OK | |
r-release-macos-arm64 | 0.2.0 | 25.00 | OK | |||
r-release-macos-x86_64 | 0.2.0 | 38.00 | OK | |||
r-release-windows-x86_64 | 0.2.0 | 8.00 | 67.00 | 75.00 | OK | |
r-oldrel-macos-arm64 | 0.2.0 | 26.00 | OK | |||
r-oldrel-windows-x86_64 | 0.2.0 | 9.00 | 72.00 | 81.00 | OK |
Version: 0.2.0
Check: Rd files
Result: NOTE
checkRd: (-1) getFittedProbs.Rd:6-8: Lost braces
6 | getFittedValues <- function(object) {
| ^
checkRd: (-1) getFittedProbs.Rd:14-16: Lost braces
14 | getFittedValues <- function(object) {
| ^
Flavors: r-devel-linux-x86_64-debian-clang, r-devel-linux-x86_64-debian-gcc, r-devel-linux-x86_64-fedora-clang, r-devel-linux-x86_64-fedora-gcc, r-prerel-macos-arm64, r-prerel-windows-x86_64, r-patched-linux-x86_64
Version: 0.2.0
Check: Rd cross-references
Result: NOTE
Undeclared package ‘truncdist’ in Rd xrefs
Flavor: r-devel-linux-x86_64-fedora-clang