CRAN Package Check Results for Package support.CEs

Last updated on 2022-07-02 12:53:16 CEST.

Flavor Version Tinstall Tcheck Ttotal Status Flags
r-devel-linux-x86_64-debian-clang 0.5-0 4.46 44.35 48.81 OK
r-devel-linux-x86_64-debian-gcc 0.5-0 3.01 34.79 37.80 OK
r-devel-linux-x86_64-fedora-clang 0.5-0 69.92 NOTE
r-devel-linux-x86_64-fedora-gcc 0.5-0 69.47 OK
r-devel-windows-x86_64 0.5-0 8.00 70.00 78.00 OK
r-patched-linux-x86_64 0.5-0 4.90 43.48 48.38 OK
r-release-linux-x86_64 0.5-0 4.15 44.12 48.27 OK
r-release-windows-x86_64 0.5-0 19.00 73.00 92.00 OK
r-oldrel-windows-ix86+x86_64 0.5-0 9.00 68.00 77.00 OK

Check Details

Version: 0.5-0
Check: Rd cross-references
Result: NOTE
    Undeclared package ‘mded’ in Rd xrefs
Flavor: r-devel-linux-x86_64-fedora-clang