Last updated on 2024-03-28 09:51:58 CET.
Flavor | Version | Tinstall | Tcheck | Ttotal | Status | Flags |
---|---|---|---|---|---|---|
r-devel-linux-x86_64-debian-clang | 1.2 | 15.01 | 124.22 | 139.23 | NOTE | |
r-devel-linux-x86_64-debian-gcc | 1.2 | 14.17 | 91.94 | 106.11 | NOTE | |
r-devel-linux-x86_64-fedora-clang | 1.2 | 175.33 | NOTE | |||
r-devel-linux-x86_64-fedora-gcc | 1.2 | 168.37 | NOTE | |||
r-devel-windows-x86_64 | 1.2 | 14.00 | 99.00 | 113.00 | NOTE | |
r-patched-linux-x86_64 | 1.2 | 10.75 | 118.07 | 128.82 | NOTE | |
r-release-linux-x86_64 | 1.2 | 12.59 | 121.12 | 133.71 | OK | |
r-release-macos-arm64 | 1.2 | 53.00 | OK | |||
r-release-macos-x86_64 | 1.2 | 50.00 | OK | |||
r-release-windows-x86_64 | 1.2 | 19.00 | 126.00 | 145.00 | OK | |
r-oldrel-macos-arm64 | 1.2 | 48.00 | OK | |||
r-oldrel-windows-x86_64 | 1.2 | 21.00 | 129.00 | 150.00 | OK |
Version: 1.2
Check: Rd files
Result: NOTE
checkRd: (-1) BiclustSet-class.Rd:19: Lost braces
19 | \item{\code{Number}:}{code{"numeric"}, number of biclusters in the set}
| ^
Flavors: r-devel-linux-x86_64-debian-clang, r-devel-linux-x86_64-debian-gcc, r-devel-linux-x86_64-fedora-clang, r-devel-linux-x86_64-fedora-gcc, r-devel-windows-x86_64, r-patched-linux-x86_64