CRAN Package Check Results for Package supc

Last updated on 2022-07-04 12:54:23 CEST.

Flavor Version Tinstall Tcheck Ttotal Status Flags
r-devel-linux-x86_64-debian-clang 0.2.6.2 41.76 395.60 437.36 OK
r-devel-linux-x86_64-debian-gcc 0.2.6.2 28.34 257.84 286.18 OK
r-devel-linux-x86_64-fedora-clang 0.2.6.2 550.61 OK
r-devel-linux-x86_64-fedora-gcc 0.2.6.2 535.23 OK
r-devel-windows-x86_64 0.2.6.2 41.00 525.00 566.00 OK
r-patched-linux-x86_64 0.2.6.2 33.69 378.52 412.21 OK
r-release-linux-x86_64 0.2.6.2 32.17 386.14 418.31 OK
r-release-macos-arm64 0.2.6.2 132.00 OK
r-release-macos-x86_64 0.2.6.2 202.00 OK
r-release-windows-x86_64 0.2.6.2 50.00 537.00 587.00 OK
r-oldrel-macos-arm64 0.2.6.2 123.00 OK
r-oldrel-macos-x86_64 0.2.6.2 217.00 OK
r-oldrel-windows-ix86+x86_64 0.2.6.2 94.00 653.00 747.00 NOTE

Check Details

Version: 0.2.6.2
Check: installed package size
Result: NOTE
     installed size is 5.5Mb
     sub-directories of 1Mb or more:
     doc 1.4Mb
     libs 2.4Mb
Flavor: r-oldrel-windows-ix86+x86_64