Last updated on 2022-06-25 10:53:16 CEST.
Flavor | Version | Tinstall | Tcheck | Ttotal | Status | Flags |
---|---|---|---|---|---|---|
r-devel-linux-x86_64-debian-clang | 0.1.4.1 | 79.69 | 45.95 | 125.64 | OK | |
r-devel-linux-x86_64-debian-gcc | 0.1.4.1 | 65.08 | 34.72 | 99.80 | OK | |
r-devel-linux-x86_64-fedora-clang | 0.1.4.1 | 205.21 | NOTE | |||
r-devel-linux-x86_64-fedora-gcc | 0.1.4.1 | 175.59 | OK | |||
r-devel-windows-x86_64 | 0.1.4.1 | 137.00 | 101.00 | 238.00 | OK | |
r-patched-linux-x86_64 | 0.1.4.1 | 73.83 | 42.40 | 116.23 | OK | |
r-release-linux-x86_64 | 0.1.4.1 | 67.41 | 42.73 | 110.14 | OK | |
r-release-macos-arm64 | 0.1.4.1 | 49.00 | NOTE | |||
r-release-macos-x86_64 | 0.1.4.1 | 78.00 | NOTE | |||
r-release-windows-x86_64 | 0.1.4.1 | 127.00 | 101.00 | 228.00 | OK | |
r-oldrel-macos-arm64 | 0.1.4.1 | 61.00 | NOTE | |||
r-oldrel-macos-x86_64 | 0.1.4.1 | 100.00 | NOTE | |||
r-oldrel-windows-ix86+x86_64 | 0.1.4.1 | 221.00 | 110.00 | 331.00 | OK |
Version: 0.1.4.1
Check: installed package size
Result: NOTE
installed size is 5.4Mb
sub-directories of 1Mb or more:
libs 2.5Mb
Flavors: r-devel-linux-x86_64-fedora-clang, r-release-macos-arm64, r-release-macos-x86_64, r-oldrel-macos-arm64, r-oldrel-macos-x86_64