Last updated on 2024-03-28 09:51:58 CET.
Flavor | Version | Tinstall | Tcheck | Ttotal | Status | Flags |
---|---|---|---|---|---|---|
r-devel-linux-x86_64-debian-clang | 1.0.4 | 8.73 | 80.05 | 88.78 | NOTE | |
r-devel-linux-x86_64-debian-gcc | 1.0.4 | 6.64 | 61.36 | 68.00 | NOTE | |
r-devel-linux-x86_64-fedora-clang | 1.0.4 | 112.51 | NOTE | |||
r-devel-linux-x86_64-fedora-gcc | 1.0.4 | 107.70 | NOTE | |||
r-devel-windows-x86_64 | 1.0.4 | 9.00 | 75.00 | 84.00 | NOTE | |
r-patched-linux-x86_64 | 1.0.4 | 9.98 | 78.08 | 88.06 | NOTE | |
r-release-linux-x86_64 | 1.0.4 | 5.22 | 79.80 | 85.02 | OK | |
r-release-macos-arm64 | 1.0.4 | 39.00 | OK | |||
r-release-macos-x86_64 | 1.0.4 | 53.00 | OK | |||
r-release-windows-x86_64 | 1.0.4 | 10.00 | 89.00 | 99.00 | OK | |
r-oldrel-macos-arm64 | 1.0.4 | 38.00 | OK | |||
r-oldrel-windows-x86_64 | 1.0.4 | 11.00 | 86.00 | 97.00 | OK |
Version: 1.0.4
Check: Rd files
Result: NOTE
checkRd: (-1) P3C.Rd:18: Lost braces; missing escapes or markup?
18 | used for this will be 1.00*10^{-PoissonThreshold}.}
| ^
Flavors: r-devel-linux-x86_64-debian-clang, r-devel-linux-x86_64-debian-gcc, r-devel-linux-x86_64-fedora-clang, r-devel-linux-x86_64-fedora-gcc, r-devel-windows-x86_64, r-patched-linux-x86_64