Last updated on 2025-10-21 11:53:41 CEST.
Flavor | Version | Tinstall | Tcheck | Ttotal | Status | Flags |
---|---|---|---|---|---|---|
r-devel-linux-x86_64-debian-clang | 4.0.1 | 13.81 | 100.90 | 114.71 | NOTE | |
r-devel-linux-x86_64-debian-gcc | 4.0.1 | 9.20 | 69.80 | 79.00 | NOTE | |
r-devel-linux-x86_64-fedora-clang | 4.0.1 | 192.13 | OK | |||
r-devel-linux-x86_64-fedora-gcc | 4.0.1 | 32.00 | 144.25 | 176.25 | OK | |
r-devel-windows-x86_64 | 4.0.1 | 18.00 | 100.00 | 118.00 | OK | |
r-patched-linux-x86_64 | 4.0.1 | 13.02 | 93.84 | 106.86 | OK | |
r-release-linux-x86_64 | 4.0.1 | 14.13 | 94.33 | 108.46 | OK | |
r-release-macos-arm64 | 4.0.1 | 52.00 | OK | |||
r-release-macos-x86_64 | 4.0.1 | 11.00 | 89.00 | 100.00 | OK | |
r-release-windows-x86_64 | 4.0.1 | 18.00 | 100.00 | 118.00 | OK | |
r-oldrel-macos-arm64 | 4.0.1 | 60.00 | OK | |||
r-oldrel-macos-x86_64 | 4.0.1 | 100.00 | OK | |||
r-oldrel-windows-x86_64 | 4.0.1 | 21.00 | 124.00 | 145.00 | OK |
Version: 4.0.1
Check: HTML version of manual
Result: NOTE
Found the following HTML validation problems:
createFilteredTable.html:88:1 (createFilteredTable.Rd:36): Warning: missing </ul> before </div>
createParentTable.html:70:1 (createParentTable.Rd:22): Warning: missing </ul> before </div>
createPlot_points_data_complement.html:54:1 (createPlot_points_data_complement.Rd:14): Warning: missing </ul> before </div>
interaction_plot2.html:113:1 (interaction_plot2.Rd:51): Warning: missing </ul> before </div>
pseudo_contexts.html:56:1 (pseudo_contexts.Rd:15): Warning: missing </ul> before </div>
pseudo_func.html:54:1 (pseudo_func.Rd:14): Warning: missing </ul> before </div>
subscreen_mosaicPlot.html:88:1 (subscreen_mosaicPlot.Rd:36): Warning: missing </ul> before </div>
subscreenshow.html:93:1 (subscreenshow.Rd:37): Warning: missing </ul> before </div>
Flavors: r-devel-linux-x86_64-debian-clang, r-devel-linux-x86_64-debian-gcc