Last updated on 2025-04-29 12:52:51 CEST.
Flavor | Version | Tinstall | Tcheck | Ttotal | Status | Flags |
---|---|---|---|---|---|---|
r-devel-linux-x86_64-debian-clang | 0.9.9.3 | 4.08 | 22.24 | 26.32 | NOTE | |
r-devel-linux-x86_64-debian-gcc | 0.9.9.3 | 3.55 | 17.08 | 20.63 | NOTE | |
r-devel-linux-x86_64-fedora-clang | 0.9.9.3 | 39.38 | OK | |||
r-devel-linux-x86_64-fedora-gcc | 0.9.9.3 | 37.91 | OK | |||
r-devel-windows-x86_64 | 0.9.9.3 | 10.00 | 47.00 | 57.00 | OK | |
r-patched-linux-x86_64 | 0.9.9.3 | 4.13 | 20.64 | 24.77 | OK | |
r-release-linux-x86_64 | 0.9.9.3 | 4.27 | 20.30 | 24.57 | OK | |
r-release-macos-arm64 | 0.9.9.3 | 18.00 | OK | |||
r-release-macos-x86_64 | 0.9.9.3 | 30.00 | OK | |||
r-release-windows-x86_64 | 0.9.9.3 | 14.00 | 51.00 | 65.00 | OK | |
r-oldrel-macos-arm64 | 0.9.9.3 | 18.00 | OK | |||
r-oldrel-macos-x86_64 | 0.9.9.3 | 26.00 | OK | |||
r-oldrel-windows-x86_64 | 0.9.9.3 | 9.00 | 45.00 | 54.00 | OK |
Version: 0.9.9.3
Check: CRAN incoming feasibility
Result: NOTE
Maintainer: ‘Jerome Collet <jeromepcollet@gmail.com>’
No Authors@R field in DESCRIPTION.
Please add one, modifying
Authors@R: person(given = "Jerome",
family = "Collet",
role = c("aut", "cre"),
email = "jeromepcollet@gmail.com")
as necessary.
Flavors: r-devel-linux-x86_64-debian-clang, r-devel-linux-x86_64-debian-gcc