Last updated on 2025-04-29 12:52:51 CEST.
Flavor | Version | Tinstall | Tcheck | Ttotal | Status | Flags |
---|---|---|---|---|---|---|
r-devel-linux-x86_64-debian-clang | 1.1 | 2.05 | 19.00 | 21.05 | NOTE | |
r-devel-linux-x86_64-debian-gcc | 1.1 | 1.58 | 14.89 | 16.47 | NOTE | |
r-devel-linux-x86_64-fedora-clang | 1.1 | 33.88 | OK | |||
r-devel-linux-x86_64-fedora-gcc | 1.1 | 30.57 | OK | |||
r-devel-windows-x86_64 | 1.1 | 3.00 | 42.00 | 45.00 | OK | |
r-patched-linux-x86_64 | 1.1 | 2.15 | 18.15 | 20.30 | OK | |
r-release-linux-x86_64 | 1.1 | 2.04 | 17.95 | 19.99 | OK | |
r-release-macos-arm64 | 1.1 | 14.00 | OK | |||
r-release-macos-x86_64 | 1.1 | 24.00 | OK | |||
r-release-windows-x86_64 | 1.1 | 5.00 | 46.00 | 51.00 | OK | |
r-oldrel-macos-arm64 | 1.1 | 15.00 | OK | |||
r-oldrel-macos-x86_64 | 1.1 | 20.00 | OK | |||
r-oldrel-windows-x86_64 | 1.1 | 2.00 | 39.00 | 41.00 | OK |
Version: 1.1
Check: CRAN incoming feasibility
Result: NOTE
Maintainer: ‘I. Manjula Schou <im.schou@yahoo.com.au>’
No Authors@R field in DESCRIPTION.
Please add one, modifying
Authors@R: person(given = c("I.", "Manjula"),
family = "Schou",
role = c("aut", "cre"),
email = "im.schou@yahoo.com.au")
as necessary.
Flavors: r-devel-linux-x86_64-debian-clang, r-devel-linux-x86_64-debian-gcc