Last updated on 2023-09-25 12:01:53 CEST.
Flavor | Version | Tinstall | Tcheck | Ttotal | Status | Flags |
---|---|---|---|---|---|---|
r-devel-linux-x86_64-debian-clang | 0.1.0 | 17.76 | 271.62 | 289.38 | OK | |
r-devel-linux-x86_64-debian-gcc | 0.1.0 | 11.68 | 208.28 | 219.96 | OK | |
r-devel-linux-x86_64-fedora-clang | 0.1.0 | 341.13 | OK | |||
r-devel-linux-x86_64-fedora-gcc | 0.1.0 | 342.87 | OK | |||
r-devel-windows-x86_64 | 0.1.0 | 14.00 | 237.00 | 251.00 | OK | |
r-patched-linux-x86_64 | 0.1.0 | 10.24 | 264.13 | 274.37 | OK | |
r-release-linux-x86_64 | 0.1.0 | 10.01 | 264.91 | 274.92 | OK | |
r-release-macos-arm64 | 0.1.0 | 103.00 | NOTE | |||
r-release-macos-x86_64 | 0.1.0 | 174.00 | NOTE | |||
r-release-windows-x86_64 | 0.1.0 | 20.00 | 294.00 | 314.00 | OK | |
r-oldrel-macos-arm64 | 0.1.0 | 86.00 | NOTE | |||
r-oldrel-macos-x86_64 | 0.1.0 | 132.00 | OK | |||
r-oldrel-windows-x86_64 | 0.1.0 | 20.00 | 315.00 | 335.00 | OK |
Version: 0.1.0
Check: installed package size
Result: NOTE
installed size is 5.1Mb
sub-directories of 1Mb or more:
data 3.1Mb
doc 1.3Mb
Flavors: r-release-macos-arm64, r-release-macos-x86_64, r-oldrel-macos-arm64