Last updated on 2022-06-30 11:53:20 CEST.
Flavor | Version | Tinstall | Tcheck | Ttotal | Status | Flags |
---|---|---|---|---|---|---|
r-devel-linux-x86_64-debian-clang | 1.5-3 | 9.42 | 107.95 | 117.37 | NOTE | |
r-devel-linux-x86_64-debian-gcc | 1.5-3 | 8.09 | 78.14 | 86.23 | NOTE | |
r-devel-linux-x86_64-fedora-clang | 1.5-3 | 149.08 | NOTE | |||
r-devel-linux-x86_64-fedora-gcc | 1.5-3 | 143.91 | NOTE | |||
r-devel-windows-x86_64 | 1.5-3 | 78.00 | 153.00 | 231.00 | NOTE | |
r-patched-linux-x86_64 | 1.5-3 | 12.86 | 104.43 | 117.29 | NOTE | |
r-release-linux-x86_64 | 1.5-3 | 10.57 | 101.70 | 112.27 | NOTE | |
r-release-macos-arm64 | 1.5-3 | 46.00 | NOTE | |||
r-release-macos-x86_64 | 1.5-3 | 57.00 | NOTE | |||
r-release-windows-x86_64 | 1.5-3 | 88.00 | 152.00 | 240.00 | NOTE | |
r-oldrel-macos-arm64 | 1.5-3 | 40.00 | NOTE | |||
r-oldrel-macos-x86_64 | 1.5-3 | 58.00 | NOTE | |||
r-oldrel-windows-ix86+x86_64 | 1.5-3 | 21.00 | 188.00 | 209.00 | NOTE |
Version: 1.5-3
Check: R code for possible problems
Result: NOTE
efpFunctional: multiple local function definitions for 'plotProcess'
with different formal arguments
mefp.efp: multiple local function definitions for 'computeEmpProc' with
different formal arguments
Flavors: r-devel-linux-x86_64-debian-clang, r-devel-linux-x86_64-debian-gcc, r-devel-linux-x86_64-fedora-clang, r-devel-linux-x86_64-fedora-gcc, r-devel-windows-x86_64, r-patched-linux-x86_64, r-release-linux-x86_64, r-release-macos-arm64, r-release-macos-x86_64, r-release-windows-x86_64, r-oldrel-macos-arm64, r-oldrel-macos-x86_64, r-oldrel-windows-ix86+x86_64