Last updated on 2023-12-06 11:52:41 CET.
Flavor | Version | Tinstall | Tcheck | Ttotal | Status | Flags |
---|---|---|---|---|---|---|
r-devel-linux-x86_64-debian-clang | 0.1.17 | 4.23 | 32.46 | 36.69 | NOTE | |
r-devel-linux-x86_64-debian-gcc | 0.1.17 | 2.30 | 25.38 | 27.68 | NOTE | |
r-devel-linux-x86_64-fedora-clang | 0.1.17 | 48.28 | NOTE | |||
r-devel-linux-x86_64-fedora-gcc | 0.1.17 | 43.33 | NOTE | |||
r-devel-windows-x86_64 | 0.1.17 | 5.00 | 53.00 | 58.00 | NOTE | |
r-patched-linux-x86_64 | 0.1.17 | 3.53 | 31.81 | 35.34 | NOTE | |
r-release-linux-x86_64 | 0.1.17 | 2.97 | 31.28 | 34.25 | NOTE | |
r-release-macos-arm64 | 0.1.17 | 19.00 | NOTE | |||
r-release-macos-x86_64 | 0.1.17 | 27.00 | NOTE | |||
r-release-windows-x86_64 | 0.1.17 | 4.00 | 56.00 | 60.00 | NOTE | |
r-oldrel-macos-arm64 | 0.1.17 | 22.00 | NOTE | |||
r-oldrel-macos-x86_64 | 0.1.17 | 26.00 | NOTE | |||
r-oldrel-windows-x86_64 | 0.1.17 | 7.00 | 51.00 | 58.00 | NOTE |
Version: 0.1.17
Check: Rd \usage sections
Result: NOTE
Documented arguments not in \usage in Rd file 'get_groups.Rd':
‘groups’
Functions with \usage entries need to have the appropriate \alias
entries, and all their arguments documented.
The \usage entries must correspond to syntactically valid R code.
See chapter ‘Writing R documentation files’ in the ‘Writing R
Extensions’ manual.
Flavors: r-devel-linux-x86_64-debian-clang, r-devel-linux-x86_64-debian-gcc, r-devel-linux-x86_64-fedora-clang, r-devel-linux-x86_64-fedora-gcc, r-devel-windows-x86_64
Version: 0.1.17
Check: LazyData
Result: NOTE
'LazyData' is specified without a 'data' directory
Flavors: r-devel-linux-x86_64-debian-clang, r-devel-linux-x86_64-debian-gcc, r-devel-linux-x86_64-fedora-clang, r-devel-linux-x86_64-fedora-gcc, r-devel-windows-x86_64, r-patched-linux-x86_64, r-release-linux-x86_64, r-release-macos-arm64, r-release-macos-x86_64, r-release-windows-x86_64, r-oldrel-macos-arm64, r-oldrel-macos-x86_64, r-oldrel-windows-x86_64