Last updated on 2024-04-17 10:41:52 CEST.
Flavor | Version | Tinstall | Tcheck | Ttotal | Status | Flags |
---|---|---|---|---|---|---|
r-devel-linux-x86_64-debian-clang | 0.1.6 | 140.15 | 25.14 | 165.29 | OK | |
r-devel-linux-x86_64-debian-gcc | 0.1.6 | 110.05 | 19.50 | 129.55 | OK | |
r-devel-linux-x86_64-fedora-clang | 0.1.6 | 233.71 | NOTE | |||
r-devel-linux-x86_64-fedora-gcc | 0.1.6 | 226.06 | OK | |||
r-prerel-macos-arm64 | 0.1.6 | 62.00 | OK | |||
r-prerel-windows-x86_64 | 0.1.6 | 126.00 | 47.00 | 173.00 | OK | |
r-patched-linux-x86_64 | 0.1.6 | 137.02 | 24.63 | 161.65 | OK | |
r-release-linux-x86_64 | 0.1.6 | 140.07 | 24.46 | 164.53 | OK | |
r-release-macos-arm64 | 0.1.6 | 72.00 | OK | |||
r-release-macos-x86_64 | 0.1.6 | 72.00 | OK | |||
r-release-windows-x86_64 | 0.1.6 | 147.00 | 50.00 | 197.00 | OK | |
r-oldrel-macos-arm64 | 0.1.6 | 71.00 | OK | |||
r-oldrel-windows-x86_64 | 0.1.6 | 142.00 | 51.00 | 193.00 | WARN |
Version: 0.1.6
Check: installed package size
Result: NOTE
installed size is 5.4Mb
sub-directories of 1Mb or more:
libs 5.3Mb
Flavor: r-devel-linux-x86_64-fedora-clang
Version: 0.1.6
Check: whether package can be installed
Result: WARN
Found the following significant warnings:
Warning: corrupt .drectve at end of def file
Flavor: r-oldrel-windows-x86_64