Last updated on 2024-03-28 09:51:58 CET.
Flavor | Version | Tinstall | Tcheck | Ttotal | Status | Flags |
---|---|---|---|---|---|---|
r-devel-linux-x86_64-debian-clang | 1.0.0 | 5.28 | 46.86 | 52.14 | NOTE | |
r-devel-linux-x86_64-debian-gcc | 1.0.0 | 3.83 | 35.89 | 39.72 | NOTE | |
r-devel-linux-x86_64-fedora-clang | 1.0.0 | 63.19 | NOTE | |||
r-devel-linux-x86_64-fedora-gcc | 1.0.0 | 65.69 | NOTE | |||
r-devel-windows-x86_64 | 1.0.0 | 5.00 | 57.00 | 62.00 | NOTE | |
r-patched-linux-x86_64 | 1.0.0 | 5.35 | 44.96 | 50.31 | NOTE | |
r-release-linux-x86_64 | 1.0.0 | 4.19 | 45.65 | 49.84 | NOTE | |
r-release-macos-arm64 | 1.0.0 | 25.00 | NOTE | |||
r-release-macos-x86_64 | 1.0.0 | 35.00 | NOTE | |||
r-release-windows-x86_64 | 1.0.0 | 6.00 | 64.00 | 70.00 | NOTE | |
r-oldrel-macos-arm64 | 1.0.0 | 23.00 | NOTE | |||
r-oldrel-windows-x86_64 | 1.0.0 | 6.00 | 68.00 | 74.00 | NOTE |
Version: 1.0.0
Check: DESCRIPTION meta-information
Result: NOTE
Malformed Title field: should not end in a period.
Flavors: r-devel-linux-x86_64-debian-clang, r-devel-linux-x86_64-debian-gcc, r-devel-linux-x86_64-fedora-clang, r-devel-linux-x86_64-fedora-gcc, r-devel-windows-x86_64, r-patched-linux-x86_64, r-release-linux-x86_64, r-release-macos-arm64, r-release-macos-x86_64, r-release-windows-x86_64, r-oldrel-macos-arm64, r-oldrel-windows-x86_64