Last updated on 2022-07-01 11:52:12 CEST.
Flavor | Version | Tinstall | Tcheck | Ttotal | Status | Flags |
---|---|---|---|---|---|---|
r-devel-linux-x86_64-debian-clang | 3.1.0 | 2.33 | 41.23 | 43.56 | OK | |
r-devel-linux-x86_64-debian-gcc | 3.1.0 | 2.11 | 31.37 | 33.48 | OK | |
r-devel-linux-x86_64-fedora-clang | 3.1.0 | 63.72 | WARN | |||
r-devel-linux-x86_64-fedora-gcc | 3.1.0 | 62.49 | WARN | |||
r-devel-windows-x86_64 | 3.1.0 | 42.00 | 67.00 | 109.00 | OK | |
r-patched-linux-x86_64 | 3.1.0 | 3.37 | 39.50 | 42.87 | OK | |
r-release-linux-x86_64 | 3.1.0 | 3.01 | 39.84 | 42.85 | OK | |
r-release-macos-arm64 | 3.1.0 | 21.00 | OK | |||
r-release-macos-x86_64 | 3.1.0 | 36.00 | OK | |||
r-release-windows-x86_64 | 3.1.0 | 24.00 | 67.00 | 91.00 | OK | |
r-oldrel-macos-arm64 | 3.1.0 | 26.00 | OK | |||
r-oldrel-macos-x86_64 | 3.1.0 | 35.00 | OK | |||
r-oldrel-windows-ix86+x86_64 | 3.1.0 | 9.00 | 64.00 | 73.00 | OK |
Version: 3.1.0
Check: package dependencies
Result: WARN
Requires (indirectly) orphaned package: ‘gtools’
Flavors: r-devel-linux-x86_64-fedora-clang, r-devel-linux-x86_64-fedora-gcc