Last updated on 2024-04-23 10:54:19 CEST.
Flavor | Version | Tinstall | Tcheck | Ttotal | Status | Flags |
---|---|---|---|---|---|---|
r-devel-linux-x86_64-debian-clang | 0.1.1 | 6.57 | 48.13 | 54.70 | OK | |
r-devel-linux-x86_64-debian-gcc | 0.1.1 | 4.68 | 37.31 | 41.99 | OK | |
r-devel-linux-x86_64-fedora-clang | 0.1.1 | 67.41 | NOTE | |||
r-devel-linux-x86_64-fedora-gcc | 0.1.1 | 65.89 | NOTE | |||
r-prerel-macos-arm64 | 0.1.1 | 24.00 | OK | |||
r-prerel-windows-x86_64 | 0.1.1 | 6.00 | 57.00 | 63.00 | OK | |
r-patched-linux-x86_64 | 0.1.1 | 5.34 | 47.33 | 52.67 | OK | |
r-release-linux-x86_64 | 0.1.1 | 5.38 | 45.86 | 51.24 | OK | |
r-release-macos-arm64 | 0.1.1 | 25.00 | OK | |||
r-release-macos-x86_64 | 0.1.1 | 40.00 | NOTE | |||
r-release-windows-x86_64 | 0.1.1 | 8.00 | 64.00 | 72.00 | OK | |
r-oldrel-macos-arm64 | 0.1.1 | 26.00 | NOTE | |||
r-oldrel-windows-x86_64 | 0.1.1 | 9.00 | 66.00 | 75.00 | OK |
Version: 0.1.1
Check: dependencies in R code
Result: NOTE
Namespace in Imports field not imported from: ‘ks’
All declared Imports should be used.
Flavors: r-devel-linux-x86_64-fedora-clang, r-devel-linux-x86_64-fedora-gcc, r-oldrel-macos-arm64
Version: 0.1.1
Check: Rd cross-references
Result: NOTE
Undeclared package ‘HDoutliers’ in Rd xrefs
Flavor: r-devel-linux-x86_64-fedora-clang
Version: 0.1.1
Check: Rd cross-references
Result: NOTE
Package unavailable to check Rd xrefs: ‘HDoutliers’
Flavor: r-release-macos-x86_64