Last updated on 2025-04-29 12:52:51 CEST.
Flavor | Version | Tinstall | Tcheck | Ttotal | Status | Flags |
---|---|---|---|---|---|---|
r-devel-linux-x86_64-debian-clang | 1.1 | 1.67 | 17.41 | 19.08 | NOTE | |
r-devel-linux-x86_64-debian-gcc | 1.1 | 1.35 | 14.58 | 15.93 | NOTE | |
r-devel-linux-x86_64-fedora-clang | 1.1 | 30.31 | OK | |||
r-devel-linux-x86_64-fedora-gcc | 1.1 | 27.55 | OK | |||
r-devel-windows-x86_64 | 1.1 | 2.00 | 41.00 | 43.00 | OK | |
r-patched-linux-x86_64 | 1.1 | 1.80 | 16.82 | 18.62 | OK | |
r-release-linux-x86_64 | 1.1 | 1.71 | 16.80 | 18.51 | OK | |
r-release-macos-arm64 | 1.1 | 19.00 | OK | |||
r-release-macos-x86_64 | 1.1 | 24.00 | OK | |||
r-release-windows-x86_64 | 1.1 | 5.00 | 44.00 | 49.00 | OK | |
r-oldrel-macos-arm64 | 1.1 | 15.00 | OK | |||
r-oldrel-macos-x86_64 | 1.1 | 24.00 | OK | |||
r-oldrel-windows-x86_64 | 1.1 | 3.00 | 40.00 | 43.00 | OK |
Version: 1.1
Check: CRAN incoming feasibility
Result: NOTE
Maintainer: ‘Miles Ott <miles_ott@alumni.brown.edu>’
No Authors@R field in DESCRIPTION.
Please add one, modifying
Authors@R: person(given = "Miles",
family = "Ott",
role = c("aut", "cre"),
email = "miles_ott@alumni.brown.edu")
as necessary.
Flavors: r-devel-linux-x86_64-debian-clang, r-devel-linux-x86_64-debian-gcc