Last updated on 2024-04-19 11:57:03 CEST.
Flavor | Version | Tinstall | Tcheck | Ttotal | Status | Flags |
---|---|---|---|---|---|---|
r-devel-linux-x86_64-debian-clang | 0.1 | 33.39 | 34.77 | 68.16 | OK | |
r-devel-linux-x86_64-debian-gcc | 0.1 | OK | ||||
r-devel-linux-x86_64-fedora-clang | 0.1 | 93.28 | NOTE | |||
r-devel-linux-x86_64-fedora-gcc | 0.1 | 88.81 | NOTE | |||
r-prerel-macos-arm64 | 0.1 | 27.00 | OK | |||
r-prerel-windows-x86_64 | 0.1 | 28.00 | 128.00 | 156.00 | OK | |
r-patched-linux-x86_64 | 0.1 | 23.39 | 33.76 | 57.15 | OK | |
r-release-linux-x86_64 | 0.1 | 22.53 | 34.33 | 56.86 | OK | |
r-release-macos-arm64 | 0.1 | 30.00 | OK | |||
r-release-macos-x86_64 | 0.1 | 40.00 | OK | |||
r-release-windows-x86_64 | 0.1 | 33.00 | 76.00 | 109.00 | OK | |
r-oldrel-macos-arm64 | 0.1 | 34.00 | OK | |||
r-oldrel-windows-x86_64 | 0.1 | 32.00 | 77.00 | 109.00 | OK |
Version: 0.1
Check: compiled code
Result: NOTE
File ‘strat/libs/strat.so’:
Found no calls to: ‘R_registerRoutines’, ‘R_useDynamicSymbols’
It is good practice to register native routines and to disable symbol
search.
See ‘Writing portable packages’ in the ‘Writing R Extensions’ manual.
Flavors: r-devel-linux-x86_64-fedora-clang, r-devel-linux-x86_64-fedora-gcc